{"id":8854,"date":"2019-01-21T11:12:39","date_gmt":"2019-01-21T10:12:39","guid":{"rendered":"https:\/\/www.sivsa.com\/site\/?page_id=8854"},"modified":"2020-02-06T11:25:00","modified_gmt":"2020-02-06T10:25:00","slug":"digitalent","status":"publish","type":"page","link":"https:\/\/www.sivsa.com\/site\/digitalent\/","title":{"rendered":"FutureLab+CodeFun"},"content":{"rendered":"<section class=\"l-section wpb_row height_medium with_video\"><div class=\"l-section-video\"><video muted loop autoplay preload=\"auto\"><source type=\"video\/mp4\" src=\"0\" \/><\/video><\/div><div class=\"l-section-h i-cf\"><div class=\"g-cols vc_row type_default valign_top\"><div class=\"vc_col-sm-6 wpb_column vc_column_container\"><div class=\"vc_column-inner\"><div class=\"wpb_wrapper\">\r\n\t<div class=\"wpb_text_column \">\r\n\t\t<div class=\"wpb_wrapper\">\r\n\t\t\t<div class=\"well\" style=\"text-align: center; background: #e37121; font-size: 1.2em; border: 1px solid #bd4f02; padding: 20px; margin: 0 auto; width: 80%; max-width: 500px; border-radius: 5px; box-shadow: 0 0 10px rgba(0,0,0,.5); transform: rotate(-5deg); color: #fff; display: none!important;\">El plazo de inscripci\u00f3n ha finalizado. Muchas gracias a todos los que os hab\u00e9is inscrito.<br \/>\nYa os estamos esperando!!<\/div>\n<h2>Vis\u00edtanos<\/h2>\n<p>La actividad <em>FutureLab + CodeFun<\/em> busca dar a conocer de una manera eminentemente pr\u00e1ctica la labor de nuestro equipo a los alumnos gallegos. Conocer los proyectos de primera mano, realizar actividades pr\u00e1cticas con las que\u00a0<strong>experimentar los procesos de creaci\u00f3n y desarrollo de soluciones tecnol\u00f3gicas<\/strong>, entender las din\u00e1micas de trabajo\u2026 son algunas de las claves para profundizar en el d\u00eda a d\u00eda de nuestro mundo TIC.<\/p>\n<p>FutureLab + CodeFun\u00a0se engloba dentro del\u00a0plan <a href=\"http:\/\/amtega.xunta.gal\/es\/digitalent\" target=\"_blank\" rel=\"noopener noreferrer\">DigiTalent<\/a>, promovido por\u00a0la Xunta de Galicia, para el desarrollo\u00a0del\u00a0talento digital en Galicia.<\/p>\n<h3>\u00bfD\u00d3NDE Y CU\u00c1NDO SE CELEBRA?<\/h3>\n<p>Las actividades se desarrollar\u00e1n desde marzo hasta finales del curso acad\u00e9mico.<br \/>\nLugar: <strong>sede de SIVSA, Soluciones Inform\u00e1ticas en Vigo <\/strong>(PTL de Vigo, Calle C, N\u00ba C4 &#8211; 36315)<br \/>\nHorario: <strong>de 10h. a 14h.<\/strong><br \/>\nN\u00ba m\u00e1ximo de alumnos:<strong> 20 alumnos.<\/strong><\/p>\n<h3>\u00bfC\u00d3MO NOS INSCRIBIMOS?<\/h3>\n<p>Muy sencillo. Simplemente cubre el siguiente formulario.<br \/>\nRecuerda que el plazo es del 1 al 28 de febrero!<\/p>\n\r\n\t\t<\/div>\r\n\t<\/div>\r\n<\/div><\/div><\/div><div class=\"vc_col-sm-6 wpb_column vc_column_container\"><div class=\"vc_column-inner\"><div class=\"wpb_wrapper\">[vc_raw_html]JTNDc3R5bGUlM0UlMEEuZm9ybS1hbXRlZ2ElMjAudy1idG4lN0IlMEElMjAlMjAlMjAlMjAlMjAlMjBsaW5lLWhlaWdodCUzQSUyMDIuOCUyMWltcG9ydGFudCUzQiUwQSUyMCUyMCUyMCUyMHBhZGRpbmclM0ElMjAwJTIwMS41ZW0lMjFpbXBvcnRhbnQlM0IlMEElMjAlMjAlMjAlMjB0ZXh0LXRyYW5zZm9ybSUzQSUyMHVwcGVyY2FzZSUyMWltcG9ydGFudCUzQiUwQSUyMCUyMCUyMCUyMG92ZXJmbG93JTNBJTIwaGlkZGVuJTIxaW1wb3J0YW50JTNCJTBBJTIwJTIwJTIwJTIwYm9yZGVyLXJhZGl1cyUzQSUyMDNweCUyMWltcG9ydGFudCUzQiUwQSU3RCUwQS5mb3JtLWFtdGVnYSUyMCUyMGlucHV0JTVCdHlwZSUzRHRleHQlNUQlMkMlMEEuZm9ybS1hbXRlZ2ElMjAlMjBpbnB1dCU1QnR5cGUlM0RudW1iZXIlNUQlMkMlMEEuZm9ybS1hbXRlZ2ElMjAlMjBpbnB1dCU1QnR5cGUlM0RlbWFpbCU1RCUyQyUwQS5mb3JtLWFtdGVnYSUyMHRleHRhcmVhJTdCJTBBJTIwJTIwJTIwYm9yZGVyLXRvcCUzQW5vbmUlMjFpbXBvcnRhbnQlM0IlMEElMjAlMjAlMjBib3JkZXItbGVmdCUzQW5vbmUlMjFpbXBvcnRhbnQlM0IlMEElMjAlMjAlMjBib3JkZXItcmlnaHQlM0Fub25lJTIxaW1wb3J0YW50JTNCJTBBJTIwJTIwJTIwYm9yZGVyLWJvdHRvbSUzQTFweCUyMHNvbGlkJTIwJTIzMzkzOTM5JTIwJTIxaW1wb3J0YW50JTNCJTBBJTIwJTIwJTIwdHJhbnNpdGlvbiUzQWJvcmRlciUyMDAuNC5zJTIxaW1wb3J0YW50JTBBJTBBJTdEJTBBLmZvcm0tYW10ZWdhJTIwJTIwaW5wdXQlNUJ0eXBlJTNEdGV4dCU1RCUzQWZvY3VzJTJDJTBBLmZvcm0tYW10ZWdhJTIwJTIwaW5wdXQlNUJ0eXBlJTNEbnVtYmVyJTVEJTNBZm9jdXMlMkMlMEEuZm9ybS1hbXRlZ2ElMjAlMjBpbnB1dCU1QnR5cGUlM0RlbWFpbCU1RCUzQWZvY3VzJTJDJTBBLmZvcm0tYW10ZWdhJTIwdGV4dGFyZWElM0Fmb2N1cyUyMCU3QiUwQSUyMCUyMCUyMCUyMCUyMCUyMGJvcmRlci1ib3R0b20lM0EycHglMjBzb2xpZCUyMCUyM2UzNzIyMiUyMWltcG9ydGFudCUzQiUwQSUwQSU3RCUwQSUzQyUyRnN0eWxlJTNF[\/vc_raw_html]\r\n\t<div class=\"wpb_text_column \">\r\n\t\t<div class=\"wpb_wrapper\">\r\n\t\t\t<h3>Quiero Inscribirme!<\/h3>\n\r\n\t\t<\/div>\r\n\t<\/div>\r\n<div class=\"wpforms-container wpforms-container-full form-amtega\" id=\"wpforms-8852\"><form id=\"wpforms-form-8852\" class=\"wpforms-validate wpforms-form\" data-formid=\"8852\" method=\"post\" enctype=\"multipart\/form-data\" action=\"\/site\/wp-json\/wp\/v2\/pages\/8854\" data-token=\"d05375d47ece23239ab52ef666190587\"><div class=\"wpforms-head-container\"><\/div><noscript class=\"wpforms-error-noscript\">Por favor, activa JavaScript en tu navegador para completar este formulario.<\/noscript><div class=\"wpforms-field-container\"><div id=\"wpforms-8852-field_0-container\" class=\"wpforms-field wpforms-field-name\" data-field-id=\"0\"><label class=\"wpforms-field-label\" for=\"wpforms-8852-field_0\">Nombre del centro educativo <span class=\"wpforms-required-label\">*<\/span><\/label><input type=\"text\" id=\"wpforms-8852-field_0\" class=\"wpforms-field-medium wpforms-field-required\" name=\"wpforms[fields][0]\" required><\/div><div id=\"wpforms-8852-field_3-container\" class=\"wpforms-field wpforms-field-text\" data-field-id=\"3\"><label class=\"wpforms-field-label\" for=\"wpforms-8852-field_3\">Nombre del profesor <span class=\"wpforms-required-label\">*<\/span><\/label><input type=\"text\" id=\"wpforms-8852-field_3\" class=\"wpforms-field-medium wpforms-field-required\" name=\"wpforms[fields][3]\" required><\/div><div id=\"wpforms-8852-field_4-container\" class=\"wpforms-field wpforms-field-number\" data-field-id=\"4\"><label class=\"wpforms-field-label\" for=\"wpforms-8852-field_4\">N\u00famero de alumnos <span class=\"wpforms-required-label\">*<\/span><\/label><input type=\"number\" pattern=\"\\d*\" id=\"wpforms-8852-field_4\" class=\"wpforms-field-small wpforms-field-required\" name=\"wpforms[fields][4]\" required><\/div><div id=\"wpforms-8852-field_1-container\" class=\"wpforms-field wpforms-field-email\" data-field-id=\"1\"><label class=\"wpforms-field-label\" for=\"wpforms-8852-field_1\">Correo electr\u00f3nico <span class=\"wpforms-required-label\">*<\/span><\/label><input type=\"email\" id=\"wpforms-8852-field_1\" class=\"wpforms-field-medium wpforms-field-required\" name=\"wpforms[fields][1]\" required><\/div><div id=\"wpforms-8852-field_2-container\" class=\"wpforms-field wpforms-field-textarea\" data-field-id=\"2\"><label class=\"wpforms-field-label\" for=\"wpforms-8852-field_2\">Comentario o mensaje<\/label><textarea id=\"wpforms-8852-field_2\" class=\"wpforms-field-medium\" name=\"wpforms[fields][2]\" ><\/textarea><\/div><div id=\"wpforms-8852-field_7-container\" class=\"wpforms-field wpforms-field-checkbox\" data-field-id=\"7\"><label class=\"wpforms-field-label\" for=\"wpforms-8852-field_7\">Pol\u00edtica de privacidad <span class=\"wpforms-required-label\">*<\/span><\/label><ul id=\"wpforms-8852-field_7\" class=\"wpforms-field-required\"><li class=\"choice-1 depth-1\"><input type=\"checkbox\" id=\"wpforms-8852-field_7_1\" name=\"wpforms[fields][7][]\" value=\"He le\u00eddo y acepto la pol\u00edtica de privacidad.\" required ><label class=\"wpforms-field-label-inline\" for=\"wpforms-8852-field_7_1\">He le\u00eddo y acepto la pol\u00edtica de privacidad.<\/label><\/li><\/ul><\/div><\/div><div class=\"wpforms-field wpforms-field-hp\"><label for=\"wpforms-8852-field-hp\" class=\"wpforms-field-label\">Name<\/label><input type=\"text\" name=\"wpforms[hp]\" id=\"wpforms-8852-field-hp\" class=\"wpforms-field-medium\"><\/div><div class=\"wpforms-recaptcha-container wpforms-is-recaptcha\"><div class=\"g-recaptcha\" data-sitekey=\"6Le4cYwUAAAAAHJrWhb8BMWF6tWp-QiHikOYVl1B\" data-size=\"invisible\"><\/div><\/div><div class=\"wpforms-submit-container\"><input type=\"hidden\" name=\"wpforms[id]\" value=\"8852\"><input type=\"hidden\" name=\"wpforms[author]\" value=\"1\"><button type=\"submit\" name=\"wpforms[submit]\" id=\"wpforms-submit-8852\" class=\"wpforms-submit w-btn icon_none color_white style_raised\" data-alt-text=\"Enviando...\" data-submit-text=\"ENVIAR\" aria-live=\"assertive\" value=\"wpforms-submit\">ENVIAR<\/button><\/div><\/form><\/div>  <!-- .wpforms-container --><\/div><\/div><\/div><\/div><\/div><\/section>\n","protected":false},"excerpt":{"rendered":"El plazo de inscripci\u00f3n ha finalizado. Muchas gracias a todos los que os hab\u00e9is inscrito. Ya os estamos esperando!! Vis\u00edtanos La actividad FutureLab + CodeFun busca dar a conocer de una manera eminentemente pr\u00e1ctica la labor de nuestro equipo a los alumnos gallegos. Conocer los proyectos de primera mano, realizar actividades pr\u00e1cticas con las que\u00a0experimentar...","protected":false},"author":1,"featured_media":0,"parent":0,"menu_order":0,"comment_status":"closed","ping_status":"closed","template":"","meta":{"xn-wppe-expiration":[],"xn-wppe-expiration-action":[],"xn-wppe-expiration-prefix":[]},"yoast_head":"<!-- This site is optimized with the Yoast SEO plugin v19.6.1 - https:\/\/yoast.com\/wordpress\/plugins\/seo\/ -->\n<title>FutureLab+CodeFun - SIVSA<\/title>\n<meta name=\"robots\" content=\"index, follow, max-snippet:-1, max-image-preview:large, max-video-preview:-1\" \/>\n<link rel=\"canonical\" href=\"https:\/\/www.sivsa.com\/site\/digitalent\/\" \/>\n<meta property=\"og:locale\" content=\"es_ES\" \/>\n<meta property=\"og:type\" content=\"article\" \/>\n<meta property=\"og:title\" content=\"FutureLab+CodeFun - SIVSA\" \/>\n<meta property=\"og:url\" content=\"https:\/\/www.sivsa.com\/site\/digitalent\/\" \/>\n<meta property=\"og:site_name\" content=\"SIVSA\" \/>\n<meta property=\"article:modified_time\" content=\"2020-02-06T10:25:00+00:00\" \/>\n<meta name=\"twitter:card\" content=\"summary\" \/>\n<meta name=\"twitter:site\" content=\"@sivsa_es\" \/>\n<meta name=\"twitter:label1\" content=\"Tiempo de lectura\" \/>\n\t<meta name=\"twitter:data1\" content=\"2 minutos\" \/>\n<script type=\"application\/ld+json\" class=\"yoast-schema-graph\">{\"@context\":\"https:\/\/schema.org\",\"@graph\":[{\"@type\":\"WebPage\",\"@id\":\"https:\/\/www.sivsa.com\/site\/digitalent\/\",\"url\":\"https:\/\/www.sivsa.com\/site\/digitalent\/\",\"name\":\"FutureLab+CodeFun - SIVSA\",\"isPartOf\":{\"@id\":\"https:\/\/www.sivsa.com\/site\/#website\"},\"datePublished\":\"2019-01-21T10:12:39+00:00\",\"dateModified\":\"2020-02-06T10:25:00+00:00\",\"breadcrumb\":{\"@id\":\"https:\/\/www.sivsa.com\/site\/digitalent\/#breadcrumb\"},\"inLanguage\":\"es\",\"potentialAction\":[{\"@type\":\"ReadAction\",\"target\":[\"https:\/\/www.sivsa.com\/site\/digitalent\/\"]}]},{\"@type\":\"BreadcrumbList\",\"@id\":\"https:\/\/www.sivsa.com\/site\/digitalent\/#breadcrumb\",\"itemListElement\":[{\"@type\":\"ListItem\",\"position\":1,\"name\":\"Portada\",\"item\":\"https:\/\/www.sivsa.com\/site\/\"},{\"@type\":\"ListItem\",\"position\":2,\"name\":\"FutureLab+CodeFun\"}]},{\"@type\":\"WebSite\",\"@id\":\"https:\/\/www.sivsa.com\/site\/#website\",\"url\":\"https:\/\/www.sivsa.com\/site\/\",\"name\":\"SIVSA\",\"description\":\"SIVSA. Communicate in technology\",\"potentialAction\":[{\"@type\":\"SearchAction\",\"target\":{\"@type\":\"EntryPoint\",\"urlTemplate\":\"https:\/\/www.sivsa.com\/site\/?s={search_term_string}\"},\"query-input\":\"required name=search_term_string\"}],\"inLanguage\":\"es\"}]}<\/script>\n<!-- \/ Yoast SEO plugin. -->","yoast_head_json":{"title":"FutureLab+CodeFun - SIVSA","robots":{"index":"index","follow":"follow","max-snippet":"max-snippet:-1","max-image-preview":"max-image-preview:large","max-video-preview":"max-video-preview:-1"},"canonical":"https:\/\/www.sivsa.com\/site\/digitalent\/","og_locale":"es_ES","og_type":"article","og_title":"FutureLab+CodeFun - SIVSA","og_url":"https:\/\/www.sivsa.com\/site\/digitalent\/","og_site_name":"SIVSA","article_modified_time":"2020-02-06T10:25:00+00:00","twitter_card":"summary","twitter_site":"@sivsa_es","twitter_misc":{"Tiempo de lectura":"2 minutos"},"schema":{"@context":"https:\/\/schema.org","@graph":[{"@type":"WebPage","@id":"https:\/\/www.sivsa.com\/site\/digitalent\/","url":"https:\/\/www.sivsa.com\/site\/digitalent\/","name":"FutureLab+CodeFun - SIVSA","isPartOf":{"@id":"https:\/\/www.sivsa.com\/site\/#website"},"datePublished":"2019-01-21T10:12:39+00:00","dateModified":"2020-02-06T10:25:00+00:00","breadcrumb":{"@id":"https:\/\/www.sivsa.com\/site\/digitalent\/#breadcrumb"},"inLanguage":"es","potentialAction":[{"@type":"ReadAction","target":["https:\/\/www.sivsa.com\/site\/digitalent\/"]}]},{"@type":"BreadcrumbList","@id":"https:\/\/www.sivsa.com\/site\/digitalent\/#breadcrumb","itemListElement":[{"@type":"ListItem","position":1,"name":"Portada","item":"https:\/\/www.sivsa.com\/site\/"},{"@type":"ListItem","position":2,"name":"FutureLab+CodeFun"}]},{"@type":"WebSite","@id":"https:\/\/www.sivsa.com\/site\/#website","url":"https:\/\/www.sivsa.com\/site\/","name":"SIVSA","description":"SIVSA. Communicate in technology","potentialAction":[{"@type":"SearchAction","target":{"@type":"EntryPoint","urlTemplate":"https:\/\/www.sivsa.com\/site\/?s={search_term_string}"},"query-input":"required name=search_term_string"}],"inLanguage":"es"}]}},"_links":{"self":[{"href":"https:\/\/www.sivsa.com\/site\/wp-json\/wp\/v2\/pages\/8854"}],"collection":[{"href":"https:\/\/www.sivsa.com\/site\/wp-json\/wp\/v2\/pages"}],"about":[{"href":"https:\/\/www.sivsa.com\/site\/wp-json\/wp\/v2\/types\/page"}],"author":[{"embeddable":true,"href":"https:\/\/www.sivsa.com\/site\/wp-json\/wp\/v2\/users\/1"}],"replies":[{"embeddable":true,"href":"https:\/\/www.sivsa.com\/site\/wp-json\/wp\/v2\/comments?post=8854"}],"version-history":[{"count":34,"href":"https:\/\/www.sivsa.com\/site\/wp-json\/wp\/v2\/pages\/8854\/revisions"}],"predecessor-version":[{"id":10459,"href":"https:\/\/www.sivsa.com\/site\/wp-json\/wp\/v2\/pages\/8854\/revisions\/10459"}],"wp:attachment":[{"href":"https:\/\/www.sivsa.com\/site\/wp-json\/wp\/v2\/media?parent=8854"}],"curies":[{"name":"wp","href":"https:\/\/api.w.org\/{rel}","templated":true}]}}