{"id":8456,"date":"2018-09-25T12:42:41","date_gmt":"2018-09-25T10:42:41","guid":{"rendered":"https:\/\/www.sivsa.com\/site\/?page_id=8086"},"modified":"2018-10-22T20:28:50","modified_gmt":"2018-10-22T18:28:50","slug":"anatomia-patologica","status":"publish","type":"page","link":"https:\/\/www.sivsa.com\/site\/hosix\/hosixlab\/anatomia-patologica\/","title":{"rendered":"ANATOM\u00cdA PATOL\u00d3GICA"},"content":{"rendered":"<section class=\"l-section wpb_row height_medium\"><div class=\"l-section-h i-cf\"><div class=\"g-cols vc_row type_default valign_top\"><div class=\"vc_col-sm-2 wpb_column vc_column_container\"><div class=\"vc_column-inner\"><div class=\"wpb_wrapper\"><div class=\"w-image\"><div class=\"w-image-h\"><img   src=\"https:\/\/www.sivsa.com\/site\/wp-content\/uploads\/2016\/08\/HOSIX-hosilab-simbolo.svg\" class=\"attachment-full size-full\" alt=\"\" loading=\"lazy\" \/><\/div><\/div><\/div><\/div><\/div><div class=\"vc_col-sm-10 wpb_column vc_column_container\"><div class=\"vc_column-inner\"><div class=\"wpb_wrapper\">\r\n\t<div class=\"wpb_text_column \">\r\n\t\t<div class=\"wpb_wrapper\">\r\n\t\t\t<h2>Anatom\u00eda Patol\u00f3gica<\/h2>\n\r\n\t\t<\/div>\r\n\t<\/div>\r\n<ol class=\"g-breadcrumbs separator_icon align_left\" itemscope itemtype=\"http:\/\/schema.org\/BreadcrumbList\"><li class=\"g-breadcrumbs-item\" itemprop=\"itemListElement\" itemscope itemtype=\"http:\/\/schema.org\/ListItem\"><a itemprop=\"name\" href=\"https:\/\/www.sivsa.com\/site\/\">Inicio<\/a><\/li><li class=\"g-breadcrumbs-separator\"><i class=\"fas fa-angle-right\"><\/i><\/li><li class=\"g-breadcrumbs-item\" itemprop=\"itemListElement\" itemscope itemtype=\"http:\/\/schema.org\/ListItem\">P\u00e1ginas<\/li><\/ol><div class=\"w-separator type_invisible size_medium\"><\/div>\r\n\t<div class=\"wpb_text_column \">\r\n\t\t<div class=\"wpb_wrapper\">\r\n\t\t\t<p>El m\u00f3dulo de \u00abAnatom\u00eda Patol\u00f3gica\u201d es un completo sistema que permite realizar la gesti\u00f3n de las peticiones, an\u00e1lisis e informes de resultados de los diferentes tipos de muestras enviadas al Servicio de Anatom\u00eda Patol\u00f3gica.<br \/>\nEste m\u00f3dulo dota al Servicio de Anatom\u00eda Patol\u00f3gica de funcionalidades para controlar m\u00faltiples tareas que se realizan en \u00e9l, como son la Recepci\u00f3n de Peticiones, An\u00e1lisis de las muestras y entrega de los informes finales correspondientes.<br \/>\nDesde el m\u00f3dulo de \u00abAnatom\u00eda Patol\u00f3gica\u201d permite realizar la gesti\u00f3n completa del servicio, incluyendo los siguientes procesos:<\/p>\n<ul>\n<li>Peticiones: Registro de las muestras recibidas en el servicio, indicando el tipo de muestra, asociando la muestra a un pat\u00f3logo y t\u00e9cnico determinado.<\/li>\n<li>An\u00e1lisis: Se registran las diferentes t\u00e9cnicas (macrosc\u00f3pica, microsc\u00f3pica, complejidades, etc.) que se realizan a la muestra para la obtenci\u00f3n de un diagn\u00f3stico. Los diagn\u00f3sticos que se asocian a las muestras est\u00e1n codificados con el est\u00e1ndar internacional SNOMED.<\/li>\n<li>Informes Finales: Una vez finalizado el an\u00e1lisis de las muestras se realiza el informe final, que est\u00e1 asociado obligatoriamente a un pat\u00f3logo que es el responsable de dicho informe. El informe, pasar\u00e1 a formar parte del historial cl\u00ednico electr\u00f3nico del paciente.<\/li>\n<li>Estad\u00edsticas e informes: Permite obtener los datos de peticiones solicitas, peticiones pendientes, peticiones realizadas por tipo de muestras, por t\u00e9cnicas, por servicio, para el a\u00f1o que desee el usuario, desglosado por meses. El sistema trabaja con los informes est\u00e1ndares definidos por la OMS. Facilita el seguimiento y an\u00e1lisis de forma detallada de las solicitudes realizadas para tomar las decisiones pertinentes.<\/li>\n<\/ul>\n\r\n\t\t<\/div>\r\n\t<\/div>\r\n<div class=\"w-tabs layout_default accordion title_left icon_chevron iconpos_right \"><div class=\"w-tabs-list items_1\"><div class=\"w-tabs-list-h\"><div class=\"w-tabs-item\"><a href=\"#1537813167089-c1234656-2684\" class=\"w-tabs-item-h\"><span class=\"w-tabs-item-title\">Caracter\u00edsticas<\/span><\/a><\/div>\n<\/div><\/div><div class=\"w-tabs-sections\"><div class=\"w-tabs-sections-h\"><div class=\"w-tabs-section\" id=\"1537813167089-c1234656-2684\"><a href=\"#1537813167089-c1234656-2684\" class=\"w-tabs-section-header\"><div class=\"w-tabs-section-header-h\"><h5 class=\"w-tabs-section-title\">Caracter\u00edsticas<\/h5><div class=\"w-tabs-section-control\"><\/div><\/div><\/a><div class=\"w-tabs-section-content\"><div class=\"w-tabs-section-content-h i-cf\">\r\n\t<div class=\"wpb_text_column \">\r\n\t\t<div class=\"wpb_wrapper\">\r\n\t\t\t<ul>\n<li>Descripci\u00f3n macrosc\u00f3pica, microsc\u00f3pica, intraoperatoria. Descripci\u00f3n Macro de la muestra, textos predefinidos. Definici\u00f3n de bloques y cristales, iconograf\u00eda, impresi\u00f3n de etiquetas y hoja de trabajo.<\/li>\n<li>Control de las muestras espec\u00edficas con esta caracter\u00edstica, donde se les da una prioridad diferente del resto.<\/li>\n<li>Hoja de trabajo. \u201cWork list\u201d con las de peticiones pendientes.<\/li>\n<li>Control de las t\u00e9cnicas aplicadas y gasto asociado.<\/li>\n<li>Liberaci\u00f3n del resultado de las pruebas directamente para la historia cl\u00ednica.<\/li>\n<li>Evita errores, atrasos en la entrega de resultados.<\/li>\n<li>No necesidad de la utilizaci\u00f3n del papel.<\/li>\n<li>Permite una mayor rapidez en el env\u00edo de los resultados.<\/li>\n<li>Control de la demora de los resultados y tiempos de respuestas.<\/li>\n<li>Informe final Configurado previamente o en el momento de emisi\u00f3n.<\/li>\n<li>Toda la informaci\u00f3n recogida en este m\u00f3dulo se utilizar\u00e1 para la obtenci\u00f3n posterior de estad\u00edsticas e indicadores de calidad del Cuadro de Mandos.<\/li>\n<\/ul>\n\r\n\t\t<\/div>\r\n\t<\/div>\r\n<\/div><\/div><\/div><\/div><\/div><\/div><\/div><\/div><\/div><\/div><\/div><\/section>\n","protected":false},"excerpt":{"rendered":"Anatom\u00eda Patol\u00f3gica InicioP\u00e1ginas El m\u00f3dulo de \"Anatom\u00eda Patol\u00f3gica\u201d es un completo sistema que permite realizar la gesti\u00f3n de las peticiones, an\u00e1lisis e informes de resultados de los diferentes tipos de muestras enviadas al Servicio de Anatom\u00eda Patol\u00f3gica. Este m\u00f3dulo dota al Servicio de Anatom\u00eda Patol\u00f3gica de funcionalidades para controlar m\u00faltiples tareas que se realizan en...","protected":false},"author":1,"featured_media":4944,"parent":8455,"menu_order":0,"comment_status":"closed","ping_status":"closed","template":"","meta":{"xn-wppe-expiration":[],"xn-wppe-expiration-action":[],"xn-wppe-expiration-prefix":[]},"yoast_head":"<!-- This site is optimized with the Yoast SEO plugin v19.6.1 - https:\/\/yoast.com\/wordpress\/plugins\/seo\/ -->\n<title>ANATOM\u00cdA PATOL\u00d3GICA - SIVSA<\/title>\n<meta name=\"robots\" content=\"index, follow, max-snippet:-1, max-image-preview:large, max-video-preview:-1\" \/>\n<link rel=\"canonical\" href=\"https:\/\/www.sivsa.com\/site\/hosix\/hosixlab\/anatomia-patologica\/\" \/>\n<meta property=\"og:locale\" content=\"es_ES\" \/>\n<meta property=\"og:type\" content=\"article\" \/>\n<meta property=\"og:title\" content=\"ANATOM\u00cdA PATOL\u00d3GICA - SIVSA\" \/>\n<meta property=\"og:url\" content=\"https:\/\/www.sivsa.com\/site\/hosix\/hosixlab\/anatomia-patologica\/\" \/>\n<meta property=\"og:site_name\" content=\"SIVSA\" \/>\n<meta property=\"article:modified_time\" content=\"2018-10-22T18:28:50+00:00\" \/>\n<meta name=\"twitter:card\" content=\"summary\" \/>\n<meta name=\"twitter:site\" content=\"@sivsa_es\" \/>\n<meta name=\"twitter:label1\" content=\"Tiempo de lectura\" \/>\n\t<meta name=\"twitter:data1\" content=\"3 minutos\" \/>\n<script type=\"application\/ld+json\" class=\"yoast-schema-graph\">{\"@context\":\"https:\/\/schema.org\",\"@graph\":[{\"@type\":\"WebPage\",\"@id\":\"https:\/\/www.sivsa.com\/site\/hosix\/hosixlab\/anatomia-patologica\/\",\"url\":\"https:\/\/www.sivsa.com\/site\/hosix\/hosixlab\/anatomia-patologica\/\",\"name\":\"ANATOM\u00cdA PATOL\u00d3GICA - SIVSA\",\"isPartOf\":{\"@id\":\"https:\/\/www.sivsa.com\/site\/#website\"},\"datePublished\":\"2018-09-25T10:42:41+00:00\",\"dateModified\":\"2018-10-22T18:28:50+00:00\",\"breadcrumb\":{\"@id\":\"https:\/\/www.sivsa.com\/site\/hosix\/hosixlab\/anatomia-patologica\/#breadcrumb\"},\"inLanguage\":\"es\",\"potentialAction\":[{\"@type\":\"ReadAction\",\"target\":[\"https:\/\/www.sivsa.com\/site\/hosix\/hosixlab\/anatomia-patologica\/\"]}]},{\"@type\":\"BreadcrumbList\",\"@id\":\"https:\/\/www.sivsa.com\/site\/hosix\/hosixlab\/anatomia-patologica\/#breadcrumb\",\"itemListElement\":[{\"@type\":\"ListItem\",\"position\":1,\"name\":\"Portada\",\"item\":\"https:\/\/www.sivsa.com\/site\/\"},{\"@type\":\"ListItem\",\"position\":2,\"name\":\"HOSIX\",\"item\":\"https:\/\/www.sivsa.com\/site\/hosix\/\"},{\"@type\":\"ListItem\",\"position\":3,\"name\":\"HOSILAB\",\"item\":\"https:\/\/www.sivsa.com\/site\/hosix\/hosixlab\/\"},{\"@type\":\"ListItem\",\"position\":4,\"name\":\"ANATOM\u00cdA PATOL\u00d3GICA\"}]},{\"@type\":\"WebSite\",\"@id\":\"https:\/\/www.sivsa.com\/site\/#website\",\"url\":\"https:\/\/www.sivsa.com\/site\/\",\"name\":\"SIVSA\",\"description\":\"SIVSA. Communicate in technology\",\"potentialAction\":[{\"@type\":\"SearchAction\",\"target\":{\"@type\":\"EntryPoint\",\"urlTemplate\":\"https:\/\/www.sivsa.com\/site\/?s={search_term_string}\"},\"query-input\":\"required name=search_term_string\"}],\"inLanguage\":\"es\"}]}<\/script>\n<!-- \/ Yoast SEO plugin. -->","yoast_head_json":{"title":"ANATOM\u00cdA PATOL\u00d3GICA - SIVSA","robots":{"index":"index","follow":"follow","max-snippet":"max-snippet:-1","max-image-preview":"max-image-preview:large","max-video-preview":"max-video-preview:-1"},"canonical":"https:\/\/www.sivsa.com\/site\/hosix\/hosixlab\/anatomia-patologica\/","og_locale":"es_ES","og_type":"article","og_title":"ANATOM\u00cdA PATOL\u00d3GICA - SIVSA","og_url":"https:\/\/www.sivsa.com\/site\/hosix\/hosixlab\/anatomia-patologica\/","og_site_name":"SIVSA","article_modified_time":"2018-10-22T18:28:50+00:00","twitter_card":"summary","twitter_site":"@sivsa_es","twitter_misc":{"Tiempo de lectura":"3 minutos"},"schema":{"@context":"https:\/\/schema.org","@graph":[{"@type":"WebPage","@id":"https:\/\/www.sivsa.com\/site\/hosix\/hosixlab\/anatomia-patologica\/","url":"https:\/\/www.sivsa.com\/site\/hosix\/hosixlab\/anatomia-patologica\/","name":"ANATOM\u00cdA PATOL\u00d3GICA - SIVSA","isPartOf":{"@id":"https:\/\/www.sivsa.com\/site\/#website"},"datePublished":"2018-09-25T10:42:41+00:00","dateModified":"2018-10-22T18:28:50+00:00","breadcrumb":{"@id":"https:\/\/www.sivsa.com\/site\/hosix\/hosixlab\/anatomia-patologica\/#breadcrumb"},"inLanguage":"es","potentialAction":[{"@type":"ReadAction","target":["https:\/\/www.sivsa.com\/site\/hosix\/hosixlab\/anatomia-patologica\/"]}]},{"@type":"BreadcrumbList","@id":"https:\/\/www.sivsa.com\/site\/hosix\/hosixlab\/anatomia-patologica\/#breadcrumb","itemListElement":[{"@type":"ListItem","position":1,"name":"Portada","item":"https:\/\/www.sivsa.com\/site\/"},{"@type":"ListItem","position":2,"name":"HOSIX","item":"https:\/\/www.sivsa.com\/site\/hosix\/"},{"@type":"ListItem","position":3,"name":"HOSILAB","item":"https:\/\/www.sivsa.com\/site\/hosix\/hosixlab\/"},{"@type":"ListItem","position":4,"name":"ANATOM\u00cdA PATOL\u00d3GICA"}]},{"@type":"WebSite","@id":"https:\/\/www.sivsa.com\/site\/#website","url":"https:\/\/www.sivsa.com\/site\/","name":"SIVSA","description":"SIVSA. Communicate in technology","potentialAction":[{"@type":"SearchAction","target":{"@type":"EntryPoint","urlTemplate":"https:\/\/www.sivsa.com\/site\/?s={search_term_string}"},"query-input":"required name=search_term_string"}],"inLanguage":"es"}]}},"_links":{"self":[{"href":"https:\/\/www.sivsa.com\/site\/wp-json\/wp\/v2\/pages\/8456"}],"collection":[{"href":"https:\/\/www.sivsa.com\/site\/wp-json\/wp\/v2\/pages"}],"about":[{"href":"https:\/\/www.sivsa.com\/site\/wp-json\/wp\/v2\/types\/page"}],"author":[{"embeddable":true,"href":"https:\/\/www.sivsa.com\/site\/wp-json\/wp\/v2\/users\/1"}],"replies":[{"embeddable":true,"href":"https:\/\/www.sivsa.com\/site\/wp-json\/wp\/v2\/comments?post=8456"}],"version-history":[{"count":1,"href":"https:\/\/www.sivsa.com\/site\/wp-json\/wp\/v2\/pages\/8456\/revisions"}],"predecessor-version":[{"id":8572,"href":"https:\/\/www.sivsa.com\/site\/wp-json\/wp\/v2\/pages\/8456\/revisions\/8572"}],"up":[{"embeddable":true,"href":"https:\/\/www.sivsa.com\/site\/wp-json\/wp\/v2\/pages\/8455"}],"wp:featuredmedia":[{"embeddable":true,"href":"https:\/\/www.sivsa.com\/site\/wp-json\/"}],"wp:attachment":[{"href":"https:\/\/www.sivsa.com\/site\/wp-json\/wp\/v2\/media?parent=8456"}],"curies":[{"name":"wp","href":"https:\/\/api.w.org\/{rel}","templated":true}]}}