{"id":8440,"date":"2016-08-25T11:49:22","date_gmt":"2016-08-25T09:49:22","guid":{"rendered":"http:\/\/www.sivsa.com\/site\/?page_id=6150"},"modified":"2018-10-22T20:15:10","modified_gmt":"2018-10-22T18:15:10","slug":"compras","status":"publish","type":"page","link":"https:\/\/www.sivsa.com\/site\/hosix\/hosix-core\/compras\/","title":{"rendered":"COMPRAS"},"content":{"rendered":"<section class=\"l-section wpb_row height_medium\"><div class=\"l-section-h i-cf\"><div class=\"g-cols vc_row type_default valign_top\"><div class=\"vc_col-sm-2 wpb_column vc_column_container\"><div class=\"vc_column-inner\"><div class=\"wpb_wrapper\"><div class=\"w-image\"><div class=\"w-image-h\"><img   src=\"https:\/\/www.sivsa.com\/site\/wp-content\/uploads\/2016\/08\/HOSIX-core-logo.svg\" class=\"attachment-full size-full\" alt=\"HOSIX-clinic-logo\" loading=\"lazy\" \/><\/div><\/div><\/div><\/div><\/div><div class=\"vc_col-sm-10 wpb_column vc_column_container\"><div class=\"vc_column-inner\"><div class=\"wpb_wrapper\">\r\n\t<div class=\"wpb_text_column \">\r\n\t\t<div class=\"wpb_wrapper\">\r\n\t\t\t<h2>Suministros &#8211; Compras<\/h2>\n\r\n\t\t<\/div>\r\n\t<\/div>\r\n<ol class=\"g-breadcrumbs separator_icon align_left\" itemscope itemtype=\"http:\/\/schema.org\/BreadcrumbList\"><li class=\"g-breadcrumbs-item\" itemprop=\"itemListElement\" itemscope itemtype=\"http:\/\/schema.org\/ListItem\"><a itemprop=\"name\" href=\"https:\/\/www.sivsa.com\/site\/\">Inicio<\/a><\/li><li class=\"g-breadcrumbs-separator\"><i class=\"fas fa-angle-right\"><\/i><\/li><li class=\"g-breadcrumbs-item\" itemprop=\"itemListElement\" itemscope itemtype=\"http:\/\/schema.org\/ListItem\">P\u00e1ginas<\/li><\/ol><div class=\"w-separator type_invisible size_medium\"><\/div>\r\n\t<div class=\"wpb_text_column \">\r\n\t\t<div class=\"wpb_wrapper\">\r\n\t\t\t<p>El m\u00f3dulo de \u201cCompras\u201d gestiona pedidos de material a proveedores externos. Permite responder a las preguntas universales referidas a la compra; \u00bfQu\u00e9?, \u00bfCu\u00e1ndo?, \u00bfCu\u00e1nto?, \u00bfC\u00f3mo?, \u00bfA qui\u00e9n? Comprar.<\/p>\n<h3>Caracter\u00edsticas<\/h3>\n<p>Desde este m\u00f3dulo es posible realizar la gesti\u00f3n completa de las compras (ya sean compras a trav\u00e9s de concursos o directas), incluyendo los siguientes procesos:<\/p>\n<ul>\n<li>Proveedores: Permite mantener el cat\u00e1logo de proveedores con los que trabajar, asociando los materiales, tipo de compra y referencias.<\/li>\n<li>Pedidos: Permite gestionar los pedidos de compra del hospital incluyendo procesos automatizados como, por ejemplo, la creaci\u00f3n de pedidos autom\u00e1ticamente cuando se alcance el punto de pedido o en funci\u00f3n del nivel de consumo realizado. Tambi\u00e9n permite establecer diferentes niveles de autorizaci\u00f3n por usuario para la realizaci\u00f3n de solicitudes u \u00f3rdenes de compra, pudiendo delimitar tanto la autoridad para aprobar como el l\u00edmite del importe.<\/li>\n<li>Gesti\u00f3n de Art\u00edculos: Registro de art\u00edculos por tipo, acceso por usuarios, clasificaci\u00f3n de art\u00edculos ABC.<\/li>\n<li>Agilidad en las actividades repetitivas de compra, permitiendo la realizaci\u00f3n de pedidos mediante la selecci\u00f3n de art\u00edculos online o mediante modelos pre completados.<\/li>\n<li>Realizaci\u00f3n de pedidos de compras de subcontratos, de servicios u otros, permitiendo la generaci\u00f3n autom\u00e1tica de \u00f3rdenes de compra que pueden ser enviados directamente a los proveedores.<\/li>\n<li>Permite la creaci\u00f3n de pedidos abiertos o la programaci\u00f3n mensual de las entregas.<\/li>\n<li>Disponibilidad de informaci\u00f3n sobre existencias actuales, existencias m\u00e1ximas, existencias m\u00ednimas, \u00faltimo pedido efectuado, precio medio, \u00faltimo proveedor, punto de pedido etc.<\/li>\n<li>Facilita el seguimiento y an\u00e1lisis de forma detallada de las compras-consumos para tomar las decisiones pertinentes.<\/li>\n<li>Estad\u00edsticas e informes: Permite obtener los datos del consumo y compras por familia, por grupo de art\u00edculos, por servicio, por a\u00f1o y desglosado por meses. Tambi\u00e9n se puede realizar la comparaci\u00f3n entre dos a\u00f1os para comprobar la evoluci\u00f3n y definir el tipo de gr\u00e1fico que se desea obtener. Facilita el seguimiento y an\u00e1lisis de forma detallada de las compras-consumos para tomar las decisiones pertinentes.<\/li>\n<\/ul>\n\r\n\t\t<\/div>\r\n\t<\/div>\r\n<\/div><\/div><\/div><\/div><\/div><\/section>\n","protected":false},"excerpt":{"rendered":"Suministros - Compras InicioP\u00e1ginas El m\u00f3dulo de \u201cCompras\u201d gestiona pedidos de material a proveedores externos. Permite responder a las preguntas universales referidas a la compra; \u00bfQu\u00e9?, \u00bfCu\u00e1ndo?, \u00bfCu\u00e1nto?, \u00bfC\u00f3mo?, \u00bfA qui\u00e9n? Comprar. Caracter\u00edsticas Desde este m\u00f3dulo es posible realizar la gesti\u00f3n completa de las compras (ya sean compras a trav\u00e9s de concursos o directas), incluyendo...","protected":false},"author":1,"featured_media":4944,"parent":8437,"menu_order":0,"comment_status":"closed","ping_status":"closed","template":"","meta":{"xn-wppe-expiration":[],"xn-wppe-expiration-action":[],"xn-wppe-expiration-prefix":[]},"yoast_head":"<!-- This site is optimized with the Yoast SEO plugin v19.6.1 - https:\/\/yoast.com\/wordpress\/plugins\/seo\/ -->\n<title>COMPRAS - SIVSA<\/title>\n<meta name=\"robots\" content=\"index, follow, max-snippet:-1, max-image-preview:large, max-video-preview:-1\" \/>\n<link rel=\"canonical\" href=\"https:\/\/www.sivsa.com\/site\/hosix\/hosix-core\/compras\/\" \/>\n<meta property=\"og:locale\" content=\"es_ES\" \/>\n<meta property=\"og:type\" content=\"article\" \/>\n<meta property=\"og:title\" content=\"COMPRAS - SIVSA\" \/>\n<meta property=\"og:url\" content=\"https:\/\/www.sivsa.com\/site\/hosix\/hosix-core\/compras\/\" \/>\n<meta property=\"og:site_name\" content=\"SIVSA\" \/>\n<meta property=\"article:modified_time\" content=\"2018-10-22T18:15:10+00:00\" \/>\n<meta name=\"twitter:card\" content=\"summary\" \/>\n<meta name=\"twitter:site\" content=\"@sivsa_es\" \/>\n<meta name=\"twitter:label1\" content=\"Tiempo de lectura\" \/>\n\t<meta name=\"twitter:data1\" content=\"2 minutos\" \/>\n<script type=\"application\/ld+json\" class=\"yoast-schema-graph\">{\"@context\":\"https:\/\/schema.org\",\"@graph\":[{\"@type\":\"WebPage\",\"@id\":\"https:\/\/www.sivsa.com\/site\/hosix\/hosix-core\/compras\/\",\"url\":\"https:\/\/www.sivsa.com\/site\/hosix\/hosix-core\/compras\/\",\"name\":\"COMPRAS - SIVSA\",\"isPartOf\":{\"@id\":\"https:\/\/www.sivsa.com\/site\/#website\"},\"datePublished\":\"2016-08-25T09:49:22+00:00\",\"dateModified\":\"2018-10-22T18:15:10+00:00\",\"breadcrumb\":{\"@id\":\"https:\/\/www.sivsa.com\/site\/hosix\/hosix-core\/compras\/#breadcrumb\"},\"inLanguage\":\"es\",\"potentialAction\":[{\"@type\":\"ReadAction\",\"target\":[\"https:\/\/www.sivsa.com\/site\/hosix\/hosix-core\/compras\/\"]}]},{\"@type\":\"BreadcrumbList\",\"@id\":\"https:\/\/www.sivsa.com\/site\/hosix\/hosix-core\/compras\/#breadcrumb\",\"itemListElement\":[{\"@type\":\"ListItem\",\"position\":1,\"name\":\"Portada\",\"item\":\"https:\/\/www.sivsa.com\/site\/\"},{\"@type\":\"ListItem\",\"position\":2,\"name\":\"HOSIX\",\"item\":\"https:\/\/www.sivsa.com\/site\/hosix\/\"},{\"@type\":\"ListItem\",\"position\":3,\"name\":\"HOSIX Core\",\"item\":\"https:\/\/www.sivsa.com\/site\/hosix\/hosix-core\/\"},{\"@type\":\"ListItem\",\"position\":4,\"name\":\"COMPRAS\"}]},{\"@type\":\"WebSite\",\"@id\":\"https:\/\/www.sivsa.com\/site\/#website\",\"url\":\"https:\/\/www.sivsa.com\/site\/\",\"name\":\"SIVSA\",\"description\":\"SIVSA. Communicate in technology\",\"potentialAction\":[{\"@type\":\"SearchAction\",\"target\":{\"@type\":\"EntryPoint\",\"urlTemplate\":\"https:\/\/www.sivsa.com\/site\/?s={search_term_string}\"},\"query-input\":\"required name=search_term_string\"}],\"inLanguage\":\"es\"}]}<\/script>\n<!-- \/ Yoast SEO plugin. -->","yoast_head_json":{"title":"COMPRAS - SIVSA","robots":{"index":"index","follow":"follow","max-snippet":"max-snippet:-1","max-image-preview":"max-image-preview:large","max-video-preview":"max-video-preview:-1"},"canonical":"https:\/\/www.sivsa.com\/site\/hosix\/hosix-core\/compras\/","og_locale":"es_ES","og_type":"article","og_title":"COMPRAS - SIVSA","og_url":"https:\/\/www.sivsa.com\/site\/hosix\/hosix-core\/compras\/","og_site_name":"SIVSA","article_modified_time":"2018-10-22T18:15:10+00:00","twitter_card":"summary","twitter_site":"@sivsa_es","twitter_misc":{"Tiempo de lectura":"2 minutos"},"schema":{"@context":"https:\/\/schema.org","@graph":[{"@type":"WebPage","@id":"https:\/\/www.sivsa.com\/site\/hosix\/hosix-core\/compras\/","url":"https:\/\/www.sivsa.com\/site\/hosix\/hosix-core\/compras\/","name":"COMPRAS - SIVSA","isPartOf":{"@id":"https:\/\/www.sivsa.com\/site\/#website"},"datePublished":"2016-08-25T09:49:22+00:00","dateModified":"2018-10-22T18:15:10+00:00","breadcrumb":{"@id":"https:\/\/www.sivsa.com\/site\/hosix\/hosix-core\/compras\/#breadcrumb"},"inLanguage":"es","potentialAction":[{"@type":"ReadAction","target":["https:\/\/www.sivsa.com\/site\/hosix\/hosix-core\/compras\/"]}]},{"@type":"BreadcrumbList","@id":"https:\/\/www.sivsa.com\/site\/hosix\/hosix-core\/compras\/#breadcrumb","itemListElement":[{"@type":"ListItem","position":1,"name":"Portada","item":"https:\/\/www.sivsa.com\/site\/"},{"@type":"ListItem","position":2,"name":"HOSIX","item":"https:\/\/www.sivsa.com\/site\/hosix\/"},{"@type":"ListItem","position":3,"name":"HOSIX Core","item":"https:\/\/www.sivsa.com\/site\/hosix\/hosix-core\/"},{"@type":"ListItem","position":4,"name":"COMPRAS"}]},{"@type":"WebSite","@id":"https:\/\/www.sivsa.com\/site\/#website","url":"https:\/\/www.sivsa.com\/site\/","name":"SIVSA","description":"SIVSA. Communicate in technology","potentialAction":[{"@type":"SearchAction","target":{"@type":"EntryPoint","urlTemplate":"https:\/\/www.sivsa.com\/site\/?s={search_term_string}"},"query-input":"required name=search_term_string"}],"inLanguage":"es"}]}},"_links":{"self":[{"href":"https:\/\/www.sivsa.com\/site\/wp-json\/wp\/v2\/pages\/8440"}],"collection":[{"href":"https:\/\/www.sivsa.com\/site\/wp-json\/wp\/v2\/pages"}],"about":[{"href":"https:\/\/www.sivsa.com\/site\/wp-json\/wp\/v2\/types\/page"}],"author":[{"embeddable":true,"href":"https:\/\/www.sivsa.com\/site\/wp-json\/wp\/v2\/users\/1"}],"replies":[{"embeddable":true,"href":"https:\/\/www.sivsa.com\/site\/wp-json\/wp\/v2\/comments?post=8440"}],"version-history":[{"count":1,"href":"https:\/\/www.sivsa.com\/site\/wp-json\/wp\/v2\/pages\/8440\/revisions"}],"predecessor-version":[{"id":8557,"href":"https:\/\/www.sivsa.com\/site\/wp-json\/wp\/v2\/pages\/8440\/revisions\/8557"}],"up":[{"embeddable":true,"href":"https:\/\/www.sivsa.com\/site\/wp-json\/wp\/v2\/pages\/8437"}],"wp:featuredmedia":[{"embeddable":true,"href":"https:\/\/www.sivsa.com\/site\/wp-json\/"}],"wp:attachment":[{"href":"https:\/\/www.sivsa.com\/site\/wp-json\/wp\/v2\/media?parent=8440"}],"curies":[{"name":"wp","href":"https:\/\/api.w.org\/{rel}","templated":true}]}}