{"id":8436,"date":"2016-08-25T09:07:12","date_gmt":"2016-08-25T07:07:12","guid":{"rendered":"http:\/\/www.sivsa.com\/site\/?page_id=6094"},"modified":"2019-09-10T12:53:41","modified_gmt":"2019-09-10T10:53:41","slug":"connector","status":"publish","type":"page","link":"https:\/\/www.sivsa.com\/site\/hosix\/connector\/","title":{"rendered":"CONNECTOR"},"content":{"rendered":"<section class=\"l-section wpb_row height_medium\"><div class=\"l-section-h i-cf\"><div class=\"g-cols vc_row type_default valign_top\"><div class=\"vc_col-sm-3 wpb_column vc_column_container\"><div class=\"vc_column-inner\"><div class=\"wpb_wrapper\"><div class=\"w-image align_center animate_afb\"><div class=\"w-image-h\"><img   src=\"https:\/\/www.sivsa.com\/site\/wp-content\/uploads\/2016\/08\/HOSIX-HL7-logo.svg\" class=\"attachment-full size-full\" alt=\"HOSIX-HL7 Connector -logo\" loading=\"lazy\" \/><\/div><\/div><\/div><\/div><\/div><div class=\"vc_col-sm-9 wpb_column vc_column_container\"><div class=\"vc_column-inner\"><div class=\"wpb_wrapper\">\r\n\t<div class=\"wpb_text_column \">\r\n\t\t<div class=\"wpb_wrapper\">\r\n\t\t\t<h3>Hosix Connector<\/h3>\n\r\n\t\t<\/div>\r\n\t<\/div>\r\n<ol class=\"g-breadcrumbs separator_icon align_left\" itemscope itemtype=\"http:\/\/schema.org\/BreadcrumbList\"><li class=\"g-breadcrumbs-item\" itemprop=\"itemListElement\" itemscope itemtype=\"http:\/\/schema.org\/ListItem\"><a itemprop=\"name\" href=\"https:\/\/www.sivsa.com\/site\/\">Inicio<\/a><\/li><li class=\"g-breadcrumbs-separator\"><i class=\"fas fa-angle-right\"><\/i><\/li><li class=\"g-breadcrumbs-item\" itemprop=\"itemListElement\" itemscope itemtype=\"http:\/\/schema.org\/ListItem\">P\u00e1ginas<\/li><\/ol><div class=\"w-separator type_invisible size_medium\"><\/div>\r\n\t<div class=\"wpb_text_column \">\r\n\t\t<div class=\"wpb_wrapper\">\r\n\t\t\t<p>Hosix es un sistema que puede ser integrado con diversos sistemas de terceros tales como aplicaciones departamentales (laboratorio o imagen m\u00e9dica), equipos (autoanalizadores y equipos de di\u00e1lisis), sistemas de gesti\u00f3n (ERP), sistemas poblacionales para la validaci\u00f3n de las coberturas de los pacientes y datos identificativos de pacientes, repositorios de medicamentos, etc.<br \/>\nA continuaci\u00f3n, se incluye una lista de las principales integraciones efectuadas hasta el momento:<\/p>\n<ul>\n<li>HL7 para integraci\u00f3n de sistemas de gesti\u00f3n de laboratorio y di\u00e1lisis (Nexadia).<\/li>\n<li>Bus de integraci\u00f3n de autoanalizadores: Instrument Manager.<\/li>\n<li>DICOM para la integraci\u00f3n con PACS.<\/li>\n<li>ASTM para la integraci\u00f3n de autoanalizadores con el sistema de gesti\u00f3n de laboratorio de Hosix.<\/li>\n<li>Armarios de dispensaci\u00f3n, Pyxis (BD).<\/li>\n<li>Facturaci\u00f3n, ERP (Sage X3, Dynamics AX).<\/li>\n<li>Repositorios de medicamentos (Vademecum).<\/li>\n<li>Sistemas poblacionales.<\/li>\n<li>Firma electr\u00f3nica y validaci\u00f3n biom\u00e9trica por huella dactilar (ZyTrust).<\/li>\n<\/ul>\n<p>Aparte de estas integraciones, SIVSA est\u00e1 en disposici\u00f3n de estudiar e implementar integraciones a medida.<\/p>\n\r\n\t\t<\/div>\r\n\t<\/div>\r\n<\/div><\/div><\/div><\/div><\/div><\/section>\n","protected":false},"excerpt":{"rendered":"Hosix Connector InicioP\u00e1ginas Hosix es un sistema que puede ser integrado con diversos sistemas de terceros tales como aplicaciones departamentales (laboratorio o imagen m\u00e9dica), equipos (autoanalizadores y equipos de di\u00e1lisis), sistemas de gesti\u00f3n (ERP), sistemas poblacionales para la validaci\u00f3n de las coberturas de los pacientes y datos identificativos de pacientes, repositorios de medicamentos, etc. A...","protected":false},"author":1,"featured_media":4944,"parent":5728,"menu_order":0,"comment_status":"closed","ping_status":"closed","template":"","meta":{"xn-wppe-expiration":[],"xn-wppe-expiration-action":[],"xn-wppe-expiration-prefix":[]},"yoast_head":"<!-- This site is optimized with the Yoast SEO plugin v19.6.1 - https:\/\/yoast.com\/wordpress\/plugins\/seo\/ -->\n<title>HL7 CONNECTOR - SIVSA Soluciones Inform\u00e1ticas<\/title>\n<meta name=\"description\" content=\"HL7 Connector es un componente tecnol\u00f3gico que se encarga de gestionar el stock sanitario y permite la modularidad, ergonom\u00eda y conexi\u00f3n wifi\" \/>\n<meta name=\"robots\" content=\"index, follow, max-snippet:-1, max-image-preview:large, max-video-preview:-1\" \/>\n<link rel=\"canonical\" href=\"https:\/\/www.sivsa.com\/site\/hosix\/connector\/\" \/>\n<meta property=\"og:locale\" content=\"es_ES\" \/>\n<meta property=\"og:type\" content=\"article\" \/>\n<meta property=\"og:title\" content=\"HL7 CONNECTOR - SIVSA Soluciones Inform\u00e1ticas\" \/>\n<meta property=\"og:description\" content=\"HL7 Connector es un componente tecnol\u00f3gico que se encarga de gestionar el stock sanitario y permite la modularidad, ergonom\u00eda y conexi\u00f3n wifi\" \/>\n<meta property=\"og:url\" content=\"https:\/\/www.sivsa.com\/site\/hosix\/connector\/\" \/>\n<meta property=\"og:site_name\" content=\"SIVSA\" \/>\n<meta property=\"article:modified_time\" content=\"2019-09-10T10:53:41+00:00\" \/>\n<meta name=\"twitter:card\" content=\"summary\" \/>\n<meta name=\"twitter:site\" content=\"@sivsa_es\" \/>\n<meta name=\"twitter:label1\" content=\"Tiempo de lectura\" \/>\n\t<meta name=\"twitter:data1\" content=\"1 minuto\" \/>\n<script type=\"application\/ld+json\" class=\"yoast-schema-graph\">{\"@context\":\"https:\/\/schema.org\",\"@graph\":[{\"@type\":\"WebPage\",\"@id\":\"https:\/\/www.sivsa.com\/site\/hosix\/connector\/\",\"url\":\"https:\/\/www.sivsa.com\/site\/hosix\/connector\/\",\"name\":\"HL7 CONNECTOR - SIVSA Soluciones Inform\u00e1ticas\",\"isPartOf\":{\"@id\":\"https:\/\/www.sivsa.com\/site\/#website\"},\"datePublished\":\"2016-08-25T07:07:12+00:00\",\"dateModified\":\"2019-09-10T10:53:41+00:00\",\"description\":\"HL7 Connector es un componente tecnol\u00f3gico que se encarga de gestionar el stock sanitario y permite la modularidad, ergonom\u00eda y conexi\u00f3n wifi\",\"breadcrumb\":{\"@id\":\"https:\/\/www.sivsa.com\/site\/hosix\/connector\/#breadcrumb\"},\"inLanguage\":\"es\",\"potentialAction\":[{\"@type\":\"ReadAction\",\"target\":[\"https:\/\/www.sivsa.com\/site\/hosix\/connector\/\"]}]},{\"@type\":\"BreadcrumbList\",\"@id\":\"https:\/\/www.sivsa.com\/site\/hosix\/connector\/#breadcrumb\",\"itemListElement\":[{\"@type\":\"ListItem\",\"position\":1,\"name\":\"Portada\",\"item\":\"https:\/\/www.sivsa.com\/site\/\"},{\"@type\":\"ListItem\",\"position\":2,\"name\":\"HOSIX\",\"item\":\"https:\/\/www.sivsa.com\/site\/hosix\/\"},{\"@type\":\"ListItem\",\"position\":3,\"name\":\"CONNECTOR\"}]},{\"@type\":\"WebSite\",\"@id\":\"https:\/\/www.sivsa.com\/site\/#website\",\"url\":\"https:\/\/www.sivsa.com\/site\/\",\"name\":\"SIVSA\",\"description\":\"SIVSA. Communicate in technology\",\"potentialAction\":[{\"@type\":\"SearchAction\",\"target\":{\"@type\":\"EntryPoint\",\"urlTemplate\":\"https:\/\/www.sivsa.com\/site\/?s={search_term_string}\"},\"query-input\":\"required name=search_term_string\"}],\"inLanguage\":\"es\"}]}<\/script>\n<!-- \/ Yoast SEO plugin. -->","yoast_head_json":{"title":"HL7 CONNECTOR - SIVSA Soluciones Inform\u00e1ticas","description":"HL7 Connector es un componente tecnol\u00f3gico que se encarga de gestionar el stock sanitario y permite la modularidad, ergonom\u00eda y conexi\u00f3n wifi","robots":{"index":"index","follow":"follow","max-snippet":"max-snippet:-1","max-image-preview":"max-image-preview:large","max-video-preview":"max-video-preview:-1"},"canonical":"https:\/\/www.sivsa.com\/site\/hosix\/connector\/","og_locale":"es_ES","og_type":"article","og_title":"HL7 CONNECTOR - SIVSA Soluciones Inform\u00e1ticas","og_description":"HL7 Connector es un componente tecnol\u00f3gico que se encarga de gestionar el stock sanitario y permite la modularidad, ergonom\u00eda y conexi\u00f3n wifi","og_url":"https:\/\/www.sivsa.com\/site\/hosix\/connector\/","og_site_name":"SIVSA","article_modified_time":"2019-09-10T10:53:41+00:00","twitter_card":"summary","twitter_site":"@sivsa_es","twitter_misc":{"Tiempo de lectura":"1 minuto"},"schema":{"@context":"https:\/\/schema.org","@graph":[{"@type":"WebPage","@id":"https:\/\/www.sivsa.com\/site\/hosix\/connector\/","url":"https:\/\/www.sivsa.com\/site\/hosix\/connector\/","name":"HL7 CONNECTOR - SIVSA Soluciones Inform\u00e1ticas","isPartOf":{"@id":"https:\/\/www.sivsa.com\/site\/#website"},"datePublished":"2016-08-25T07:07:12+00:00","dateModified":"2019-09-10T10:53:41+00:00","description":"HL7 Connector es un componente tecnol\u00f3gico que se encarga de gestionar el stock sanitario y permite la modularidad, ergonom\u00eda y conexi\u00f3n wifi","breadcrumb":{"@id":"https:\/\/www.sivsa.com\/site\/hosix\/connector\/#breadcrumb"},"inLanguage":"es","potentialAction":[{"@type":"ReadAction","target":["https:\/\/www.sivsa.com\/site\/hosix\/connector\/"]}]},{"@type":"BreadcrumbList","@id":"https:\/\/www.sivsa.com\/site\/hosix\/connector\/#breadcrumb","itemListElement":[{"@type":"ListItem","position":1,"name":"Portada","item":"https:\/\/www.sivsa.com\/site\/"},{"@type":"ListItem","position":2,"name":"HOSIX","item":"https:\/\/www.sivsa.com\/site\/hosix\/"},{"@type":"ListItem","position":3,"name":"CONNECTOR"}]},{"@type":"WebSite","@id":"https:\/\/www.sivsa.com\/site\/#website","url":"https:\/\/www.sivsa.com\/site\/","name":"SIVSA","description":"SIVSA. Communicate in technology","potentialAction":[{"@type":"SearchAction","target":{"@type":"EntryPoint","urlTemplate":"https:\/\/www.sivsa.com\/site\/?s={search_term_string}"},"query-input":"required name=search_term_string"}],"inLanguage":"es"}]}},"_links":{"self":[{"href":"https:\/\/www.sivsa.com\/site\/wp-json\/wp\/v2\/pages\/8436"}],"collection":[{"href":"https:\/\/www.sivsa.com\/site\/wp-json\/wp\/v2\/pages"}],"about":[{"href":"https:\/\/www.sivsa.com\/site\/wp-json\/wp\/v2\/types\/page"}],"author":[{"embeddable":true,"href":"https:\/\/www.sivsa.com\/site\/wp-json\/wp\/v2\/users\/1"}],"replies":[{"embeddable":true,"href":"https:\/\/www.sivsa.com\/site\/wp-json\/wp\/v2\/comments?post=8436"}],"version-history":[{"count":4,"href":"https:\/\/www.sivsa.com\/site\/wp-json\/wp\/v2\/pages\/8436\/revisions"}],"predecessor-version":[{"id":10155,"href":"https:\/\/www.sivsa.com\/site\/wp-json\/wp\/v2\/pages\/8436\/revisions\/10155"}],"up":[{"embeddable":true,"href":"https:\/\/www.sivsa.com\/site\/wp-json\/wp\/v2\/pages\/5728"}],"wp:featuredmedia":[{"embeddable":true,"href":"https:\/\/www.sivsa.com\/site\/wp-json\/"}],"wp:attachment":[{"href":"https:\/\/www.sivsa.com\/site\/wp-json\/wp\/v2\/media?parent=8436"}],"curies":[{"name":"wp","href":"https:\/\/api.w.org\/{rel}","templated":true}]}}