{"id":7347,"date":"2017-04-26T11:53:09","date_gmt":"2017-04-26T09:53:09","guid":{"rendered":"https:\/\/www.sivsa.com\/site\/?page_id=7347"},"modified":"2018-10-22T19:03:50","modified_gmt":"2018-10-22T17:03:50","slug":"gamapea","status":"publish","type":"page","link":"https:\/\/www.sivsa.com\/site\/idi-3\/gamapea\/","title":{"rendered":"GAMAPEA"},"content":{"rendered":"<section class=\"l-section wpb_row height_medium with_video\"><div class=\"l-section-video\"><video muted loop autoplay preload=\"auto\"><source type=\"video\/mp4\" src=\"0\" \/><\/video><\/div><div class=\"l-section-h i-cf\"><div class=\"g-cols vc_row type_default valign_top\"><div class=\"vc_col-sm-4 wpb_column vc_column_container\"><div class=\"vc_column-inner\"><div class=\"wpb_wrapper\">[vc_raw_html]JTNDZGl2JTIwY2xhc3MlM0QlMjJ3LWltYWdlJTIwJTIwYWxpZ25fY2VudGVyJTIwYW5pbWF0ZV9hZmIlMjB1LWZ1bGxXaWR0aCUyMGFuaW1hdGVfc3RhcnQlMjIlM0UlM0NpbWclMjBzcmMlM0QlMjJodHRwJTNBJTJGJTJGd3d3LnNpdnNhLmNvbSUyRnNpdGUlMkZ3cC1jb250ZW50JTJGdXBsb2FkcyUyRjIwMTclMkYwNCUyRmdhbWFwZWEtbG9nby5zdmclMjIlMjBjbGFzcyUzRCUyMmF0dGFjaG1lbnQtbGFyZ2UlMjBzaXplLWxhcmdlJTIyJTIwYWx0JTNEJTIyJTIyJTIwZGF0YS1waW4tbm9waW4lM0QlMjJ0cnVlJTIyJTNFJTNDJTJGZGl2JTNF[\/vc_raw_html]<\/div><\/div><\/div><div class=\"vc_col-sm-8 wpb_column vc_column_container\"><div class=\"vc_column-inner\"><div class=\"wpb_wrapper\">\r\n\t<div class=\"wpb_text_column \">\r\n\t\t<div class=\"wpb_wrapper\">\r\n\t\t\t<h3>GAMAPEA<\/h3>\n\r\n\t\t<\/div>\r\n\t<\/div>\r\n<ol class=\"g-breadcrumbs separator_icon align_left\" itemscope itemtype=\"http:\/\/schema.org\/BreadcrumbList\"><li class=\"g-breadcrumbs-item\" itemprop=\"itemListElement\" itemscope itemtype=\"http:\/\/schema.org\/ListItem\"><a itemprop=\"name\" href=\"https:\/\/www.sivsa.com\/site\/\">Inicio<\/a><\/li><li class=\"g-breadcrumbs-separator\"><i class=\"fas fa-angle-right\"><\/i><\/li><li class=\"g-breadcrumbs-item\" itemprop=\"itemListElement\" itemscope itemtype=\"http:\/\/schema.org\/ListItem\">P\u00e1ginas<\/li><\/ol><div class=\"w-separator type_invisible size_medium\"><\/div>\r\n\t<div class=\"wpb_text_column \">\r\n\t\t<div class=\"wpb_wrapper\">\r\n\t\t\t<p>El objetivo principal del proyecto Gamapea es la investigaci\u00f3n en m\u00e9todos de terapia cognitivo-conductual (CBT, Cognitive Behavioural Therapy) para el dise\u00f1o de programas de prevenci\u00f3n para promocionar la vida saludable y el envejecimiento activo de la poblaci\u00f3n mayor de 45 a\u00f1os. Para ello, se desarrollar\u00e1 una herramienta innovadora y ampliamente accesible que estar\u00e1 basada en el paradigma de juegos serios.<\/p>\n<p>El consorcio para desarrollar este proyecto est\u00e1 liderado por SIVSA y cuenta con la participaci\u00f3n de la empresa Imatia Innovation S.L.<\/p>\n<blockquote><p>\nEste proyecto est\u00e1 financiado por el Centro para el Desarrollo Tecnol\u00f3gico Industrial (CDTI) en la convocatoria del a\u00f1o 2016 del programa FEDER INNTERCONECTA con n\u00famero de expediente ITC-20161137. Este proyecto est\u00e1 cofinanciado con Fondos Europeos de Desarrollo Regional (FEDER).\n<\/p><\/blockquote>\n\r\n\t\t<\/div>\r\n\t<\/div>\r\n<div class=\"g-cols wpb_row type_default valign_top vc_inner \"><div class=\"vc_col-sm-6 wpb_column vc_column_container\"><div class=\"vc_column-inner\"><div class=\"wpb_wrapper\"><div class=\"w-image align_left animate_afb\"><div class=\"w-image-h\"><img width=\"300\" height=\"46\" src=\"https:\/\/www.sivsa.com\/site\/wp-content\/uploads\/2017\/04\/Logo-CDTI-MEIC-300x46.jpg\" class=\"attachment-medium size-medium\" alt=\"\" loading=\"lazy\" srcset=\"https:\/\/www.sivsa.com\/site\/wp-content\/uploads\/2017\/04\/Logo-CDTI-MEIC-300x46.jpg 300w, https:\/\/www.sivsa.com\/site\/wp-content\/uploads\/2017\/04\/Logo-CDTI-MEIC-768x118.jpg 768w, https:\/\/www.sivsa.com\/site\/wp-content\/uploads\/2017\/04\/Logo-CDTI-MEIC-1024x158.jpg 1024w, https:\/\/www.sivsa.com\/site\/wp-content\/uploads\/2017\/04\/Logo-CDTI-MEIC-600x92.jpg 600w\" sizes=\"(max-width: 300px) 100vw, 300px\" \/><\/div><\/div><\/div><\/div><\/div><div class=\"vc_col-sm-6 wpb_column vc_column_container\"><div class=\"vc_column-inner\"><div class=\"wpb_wrapper\"><div class=\"w-image align_right animate_afb\"><div class=\"w-image-h\"><img width=\"300\" height=\"72\" src=\"https:\/\/www.sivsa.com\/site\/wp-content\/uploads\/2017\/04\/FEDER_logo-300x72.png\" class=\"attachment-medium size-medium\" alt=\"\" loading=\"lazy\" srcset=\"https:\/\/www.sivsa.com\/site\/wp-content\/uploads\/2017\/04\/FEDER_logo-300x72.png 300w, https:\/\/www.sivsa.com\/site\/wp-content\/uploads\/2017\/04\/FEDER_logo-768x184.png 768w, https:\/\/www.sivsa.com\/site\/wp-content\/uploads\/2017\/04\/FEDER_logo-1024x245.png 1024w, https:\/\/www.sivsa.com\/site\/wp-content\/uploads\/2017\/04\/FEDER_logo-600x144.png 600w, https:\/\/www.sivsa.com\/site\/wp-content\/uploads\/2017\/04\/FEDER_logo.png 1414w\" sizes=\"(max-width: 300px) 100vw, 300px\" \/><\/div><\/div><\/div><\/div><\/div><\/div><\/div><\/div><\/div><\/div><\/div><\/section>\n","protected":false},"excerpt":{"rendered":"[vc_raw_html]JTNDZGl2JTIwY2xhc3MlM0QlMjJ3LWltYWdlJTIwJTIwYWxpZ25fY2VudGVyJTIwYW5pbWF0ZV9hZmIlMjB1LWZ1bGxXaWR0aCUyMGFuaW1hdGVfc3RhcnQlMjIlM0UlM0NpbWclMjBzcmMlM0QlMjJodHRwJTNBJTJGJTJGd3d3LnNpdnNhLmNvbSUyRnNpdGUlMkZ3cC1jb250ZW50JTJGdXBsb2FkcyUyRjIwMTclMkYwNCUyRmdhbWFwZWEtbG9nby5zdmclMjIlMjBjbGFzcyUzRCUyMmF0dGFjaG1lbnQtbGFyZ2UlMjBzaXplLWxhcmdlJTIyJTIwYWx0JTNEJTIyJTIyJTIwZGF0YS1waW4tbm9waW4lM0QlMjJ0cnVlJTIyJTNFJTNDJTJGZGl2JTNF[\/vc_raw_html] GAMAPEA InicioP\u00e1ginas El objetivo principal del proyecto Gamapea es la investigaci\u00f3n en m\u00e9todos de terapia cognitivo-conductual (CBT, Cognitive Behavioural Therapy) para el dise\u00f1o de programas de prevenci\u00f3n para promocionar la vida saludable y el envejecimiento activo de la poblaci\u00f3n mayor de 45 a\u00f1os. Para ello, se desarrollar\u00e1 una herramienta innovadora y ampliamente accesible que...","protected":false},"author":1,"featured_media":0,"parent":6611,"menu_order":0,"comment_status":"closed","ping_status":"closed","template":"","meta":{"xn-wppe-expiration":[],"xn-wppe-expiration-action":[],"xn-wppe-expiration-prefix":[]},"yoast_head":"<!-- This site is optimized with the Yoast SEO plugin v19.6.1 - https:\/\/yoast.com\/wordpress\/plugins\/seo\/ -->\n<title>GAMAPEA - SIVSA<\/title>\n<meta name=\"robots\" content=\"index, follow, max-snippet:-1, max-image-preview:large, max-video-preview:-1\" \/>\n<link rel=\"canonical\" href=\"https:\/\/www.sivsa.com\/site\/idi-3\/gamapea\/\" \/>\n<meta property=\"og:locale\" content=\"es_ES\" \/>\n<meta property=\"og:type\" content=\"article\" \/>\n<meta property=\"og:title\" content=\"GAMAPEA - SIVSA\" \/>\n<meta property=\"og:url\" content=\"https:\/\/www.sivsa.com\/site\/idi-3\/gamapea\/\" \/>\n<meta property=\"og:site_name\" content=\"SIVSA\" \/>\n<meta property=\"article:modified_time\" content=\"2018-10-22T17:03:50+00:00\" \/>\n<meta name=\"twitter:card\" content=\"summary\" \/>\n<meta name=\"twitter:site\" content=\"@sivsa_es\" \/>\n<meta name=\"twitter:label1\" content=\"Tiempo de lectura\" \/>\n\t<meta name=\"twitter:data1\" content=\"1 minuto\" \/>\n<script type=\"application\/ld+json\" class=\"yoast-schema-graph\">{\"@context\":\"https:\/\/schema.org\",\"@graph\":[{\"@type\":\"WebPage\",\"@id\":\"https:\/\/www.sivsa.com\/site\/idi-3\/gamapea\/\",\"url\":\"https:\/\/www.sivsa.com\/site\/idi-3\/gamapea\/\",\"name\":\"GAMAPEA - SIVSA\",\"isPartOf\":{\"@id\":\"https:\/\/www.sivsa.com\/site\/#website\"},\"datePublished\":\"2017-04-26T09:53:09+00:00\",\"dateModified\":\"2018-10-22T17:03:50+00:00\",\"breadcrumb\":{\"@id\":\"https:\/\/www.sivsa.com\/site\/idi-3\/gamapea\/#breadcrumb\"},\"inLanguage\":\"es\",\"potentialAction\":[{\"@type\":\"ReadAction\",\"target\":[\"https:\/\/www.sivsa.com\/site\/idi-3\/gamapea\/\"]}]},{\"@type\":\"BreadcrumbList\",\"@id\":\"https:\/\/www.sivsa.com\/site\/idi-3\/gamapea\/#breadcrumb\",\"itemListElement\":[{\"@type\":\"ListItem\",\"position\":1,\"name\":\"Portada\",\"item\":\"https:\/\/www.sivsa.com\/site\/\"},{\"@type\":\"ListItem\",\"position\":2,\"name\":\"I+D+i\",\"item\":\"https:\/\/www.sivsa.com\/site\/idi-3\/\"},{\"@type\":\"ListItem\",\"position\":3,\"name\":\"GAMAPEA\"}]},{\"@type\":\"WebSite\",\"@id\":\"https:\/\/www.sivsa.com\/site\/#website\",\"url\":\"https:\/\/www.sivsa.com\/site\/\",\"name\":\"SIVSA\",\"description\":\"SIVSA. Communicate in technology\",\"potentialAction\":[{\"@type\":\"SearchAction\",\"target\":{\"@type\":\"EntryPoint\",\"urlTemplate\":\"https:\/\/www.sivsa.com\/site\/?s={search_term_string}\"},\"query-input\":\"required name=search_term_string\"}],\"inLanguage\":\"es\"}]}<\/script>\n<!-- \/ Yoast SEO plugin. -->","yoast_head_json":{"title":"GAMAPEA - SIVSA","robots":{"index":"index","follow":"follow","max-snippet":"max-snippet:-1","max-image-preview":"max-image-preview:large","max-video-preview":"max-video-preview:-1"},"canonical":"https:\/\/www.sivsa.com\/site\/idi-3\/gamapea\/","og_locale":"es_ES","og_type":"article","og_title":"GAMAPEA - SIVSA","og_url":"https:\/\/www.sivsa.com\/site\/idi-3\/gamapea\/","og_site_name":"SIVSA","article_modified_time":"2018-10-22T17:03:50+00:00","twitter_card":"summary","twitter_site":"@sivsa_es","twitter_misc":{"Tiempo de lectura":"1 minuto"},"schema":{"@context":"https:\/\/schema.org","@graph":[{"@type":"WebPage","@id":"https:\/\/www.sivsa.com\/site\/idi-3\/gamapea\/","url":"https:\/\/www.sivsa.com\/site\/idi-3\/gamapea\/","name":"GAMAPEA - SIVSA","isPartOf":{"@id":"https:\/\/www.sivsa.com\/site\/#website"},"datePublished":"2017-04-26T09:53:09+00:00","dateModified":"2018-10-22T17:03:50+00:00","breadcrumb":{"@id":"https:\/\/www.sivsa.com\/site\/idi-3\/gamapea\/#breadcrumb"},"inLanguage":"es","potentialAction":[{"@type":"ReadAction","target":["https:\/\/www.sivsa.com\/site\/idi-3\/gamapea\/"]}]},{"@type":"BreadcrumbList","@id":"https:\/\/www.sivsa.com\/site\/idi-3\/gamapea\/#breadcrumb","itemListElement":[{"@type":"ListItem","position":1,"name":"Portada","item":"https:\/\/www.sivsa.com\/site\/"},{"@type":"ListItem","position":2,"name":"I+D+i","item":"https:\/\/www.sivsa.com\/site\/idi-3\/"},{"@type":"ListItem","position":3,"name":"GAMAPEA"}]},{"@type":"WebSite","@id":"https:\/\/www.sivsa.com\/site\/#website","url":"https:\/\/www.sivsa.com\/site\/","name":"SIVSA","description":"SIVSA. Communicate in technology","potentialAction":[{"@type":"SearchAction","target":{"@type":"EntryPoint","urlTemplate":"https:\/\/www.sivsa.com\/site\/?s={search_term_string}"},"query-input":"required name=search_term_string"}],"inLanguage":"es"}]}},"_links":{"self":[{"href":"https:\/\/www.sivsa.com\/site\/wp-json\/wp\/v2\/pages\/7347"}],"collection":[{"href":"https:\/\/www.sivsa.com\/site\/wp-json\/wp\/v2\/pages"}],"about":[{"href":"https:\/\/www.sivsa.com\/site\/wp-json\/wp\/v2\/types\/page"}],"author":[{"embeddable":true,"href":"https:\/\/www.sivsa.com\/site\/wp-json\/wp\/v2\/users\/1"}],"replies":[{"embeddable":true,"href":"https:\/\/www.sivsa.com\/site\/wp-json\/wp\/v2\/comments?post=7347"}],"version-history":[{"count":6,"href":"https:\/\/www.sivsa.com\/site\/wp-json\/wp\/v2\/pages\/7347\/revisions"}],"predecessor-version":[{"id":8527,"href":"https:\/\/www.sivsa.com\/site\/wp-json\/wp\/v2\/pages\/7347\/revisions\/8527"}],"up":[{"embeddable":true,"href":"https:\/\/www.sivsa.com\/site\/wp-json\/wp\/v2\/pages\/6611"}],"wp:attachment":[{"href":"https:\/\/www.sivsa.com\/site\/wp-json\/wp\/v2\/media?parent=7347"}],"curies":[{"name":"wp","href":"https:\/\/api.w.org\/{rel}","templated":true}]}}