{"id":6283,"date":"2016-08-26T12:42:53","date_gmt":"2016-08-26T10:42:53","guid":{"rendered":"https:\/\/www.sivsa.com\/site\/?page_id=6283"},"modified":"2018-10-15T09:17:38","modified_gmt":"2018-10-15T07:17:38","slug":"rehabilitacion","status":"publish","type":"page","link":"https:\/\/www.sivsa.com\/site\/hosix\/hosix-net\/extension-packs\/rehabilitacion\/","title":{"rendered":"REHABILITACI\u00d3N"},"content":{"rendered":"<section class=\"l-section wpb_row height_medium with_video\"><div class=\"l-section-video\"><video muted loop autoplay preload=\"auto\"><source type=\"video\/mp4\" src=\"0\" \/><\/video><\/div><div class=\"l-section-h i-cf\"><div class=\"g-cols vc_row type_default valign_top\"><div class=\"vc_col-sm-2 wpb_column vc_column_container\"><div class=\"vc_column-inner\"><div class=\"wpb_wrapper\"><div class=\"w-image\"><div class=\"w-image-h\"><img   src=\"https:\/\/www.sivsa.com\/site\/wp-content\/uploads\/2016\/08\/HOSIX-ext-packs-logo.svg\" class=\"attachment-full size-full\" alt=\"HOSIX-ext-packs-logo\" loading=\"lazy\" \/><\/div><\/div><\/div><\/div><\/div><div class=\"vc_col-sm-10 wpb_column vc_column_container\"><div class=\"vc_column-inner\"><div class=\"wpb_wrapper\">\r\n\t<div class=\"wpb_text_column \">\r\n\t\t<div class=\"wpb_wrapper\">\r\n\t\t\t<h2>Rehabilitaci\u00f3n<\/h2>\n\r\n\t\t<\/div>\r\n\t<\/div>\r\n<div class=\"w-tabs layout_default accordion title_left icon_chevron iconpos_right \"><div class=\"w-tabs-list items_2\"><div class=\"w-tabs-list-h\"><div class=\"w-tabs-item active defined-active\"><a href=\"#1472116911389-180338e5-b160\" class=\"w-tabs-item-h\"><span class=\"w-tabs-item-title\">Introducci\u00f3n<\/span><\/a><\/div>\n<div class=\"w-tabs-item\"><a href=\"#1472116911498-0ece94a4-eb38\" class=\"w-tabs-item-h\"><span class=\"w-tabs-item-title\">Caracter\u00edsticas<\/span><\/a><\/div>\n<\/div><\/div><div class=\"w-tabs-sections\"><div class=\"w-tabs-sections-h\"><div class=\"w-tabs-section active\" id=\"1472116911389-180338e5-b160\"><a href=\"#1472116911389-180338e5-b160\" class=\"w-tabs-section-header\"><div class=\"w-tabs-section-header-h\"><h5 class=\"w-tabs-section-title\">Introducci\u00f3n<\/h5><div class=\"w-tabs-section-control\"><\/div><\/div><\/a><div class=\"w-tabs-section-content\"><div class=\"w-tabs-section-content-h i-cf\">\r\n\t<div class=\"wpb_text_column \">\r\n\t\t<div class=\"wpb_wrapper\">\r\n\t\t\t<p>El m\u00f3dulo de \u201cRehabilitaci\u00f3n\u201d permite llevar el control, en todo momento, de c\u00f3mo se encuentra el paciente, si tiene cita con el m\u00e9dico o con el terapeuta y qu\u00e9 recurso o recursos est\u00e1 utilizando.<\/p>\n<p>Este m\u00f3dulo permite tener un historial de cada uno de los pacientes con los datos personales m\u00ednimos, como pueden ser: n\u00ba de historia, procedencia del paciente, servicio y m\u00e9dico que lo remite, etc.<\/p>\n<p>Asimismo, se puede realizar un control y seguimiento del paciente durante su tratamiento en el servicio de rehabilitaci\u00f3n, de forma que se incorporen a su historial todos aquellos datos cl\u00ednicos como puede ser: el m\u00e9dico rehabilitador responsable, el diagn\u00f3stico, las actividades m\u00e9dicas, terap\u00e9uticas, de ortopr\u00f3tesis&#8230;. a las que sea sometido el paciente.<\/p>\n<p>En cuanto a los destinatarios de este m\u00f3dulo, no se necesitan conocimientos previos de inform\u00e1tica, ya que permite a los usuarios desarrollar su trabajo diario de forma f\u00e1cil y eficiente; ya se trate de personal administrativo que registra y actualiza la informaci\u00f3n, o de personal sanitario que participa en las actividades.<\/p>\n\r\n\t\t<\/div>\r\n\t<\/div>\r\n<\/div><\/div><\/div><div class=\"w-tabs-section\" id=\"1472116911498-0ece94a4-eb38\"><a href=\"#1472116911498-0ece94a4-eb38\" class=\"w-tabs-section-header\"><div class=\"w-tabs-section-header-h\"><h5 class=\"w-tabs-section-title\">Caracter\u00edsticas<\/h5><div class=\"w-tabs-section-control\"><\/div><\/div><\/a><div class=\"w-tabs-section-content\"><div class=\"w-tabs-section-content-h i-cf\">\r\n\t<div class=\"wpb_text_column \">\r\n\t\t<div class=\"wpb_wrapper\">\r\n\t\t\t<ul>\n<li>Disponibilidad del historial completo en el servicio de rehabilitaci\u00f3n.<\/li>\n<li>Seguimiento y control de las actividades del paciente, realizadas durante su estancia en el servicio de rehabilitaci\u00f3n, as\u00ed como la inclusi\u00f3n en su historial cl\u00ednico.<\/li>\n<li>Seguimiento y registro de todos aquellos recursos humanos y materiales que participan en el desarrollo de las actividades del servicio de rehabilitaci\u00f3n.<\/li>\n<li>Posibilidad de definir las agendas por parte del usuario.<\/li>\n<li>Posibilidad de gestionar la lista de espera, tanto m\u00e9dica como terap\u00e9utica.<\/li>\n<li>Emisi\u00f3n de aquellos informes de actividad que sean necesarios en las distintas citas.<\/li>\n<li>Posibilidad de la gesti\u00f3n de ambulancias.<\/li>\n<li>Integraci\u00f3n con el resto de los m\u00f3dulos que forman el sistema integrado de gesti\u00f3n asistencial Hosix .NET.<\/li>\n<\/ul>\n\r\n\t\t<\/div>\r\n\t<\/div>\r\n<\/div><\/div><\/div><\/div><\/div><\/div><\/div><\/div><\/div><\/div><\/div><\/section>\n","protected":false},"excerpt":{"rendered":"Rehabilitaci\u00f3n Introducci\u00f3n Caracter\u00edsticas Introducci\u00f3n El m\u00f3dulo de \u201cRehabilitaci\u00f3n\u201d permite llevar el control, en todo momento, de c\u00f3mo se encuentra el paciente, si tiene cita con el m\u00e9dico o con el terapeuta y qu\u00e9 recurso o recursos est\u00e1 utilizando. Este m\u00f3dulo permite tener un historial de cada uno de los pacientes con los datos personales m\u00ednimos,...","protected":false},"author":1,"featured_media":4944,"parent":6129,"menu_order":0,"comment_status":"closed","ping_status":"closed","template":"","meta":{"xn-wppe-expiration":[],"xn-wppe-expiration-action":[],"xn-wppe-expiration-prefix":[]},"yoast_head":"<!-- This site is optimized with the Yoast SEO plugin v19.6.1 - https:\/\/yoast.com\/wordpress\/plugins\/seo\/ -->\n<title>REHABILITACI\u00d3N - SIVSA<\/title>\n<meta name=\"robots\" content=\"index, follow, max-snippet:-1, max-image-preview:large, max-video-preview:-1\" \/>\n<link rel=\"canonical\" href=\"https:\/\/www.sivsa.com\/site\/hosix\/hosix-net\/extension-packs\/rehabilitacion\/\" \/>\n<meta property=\"og:locale\" content=\"es_ES\" \/>\n<meta property=\"og:type\" content=\"article\" \/>\n<meta property=\"og:title\" content=\"REHABILITACI\u00d3N - SIVSA\" \/>\n<meta property=\"og:url\" content=\"https:\/\/www.sivsa.com\/site\/hosix\/hosix-net\/extension-packs\/rehabilitacion\/\" \/>\n<meta property=\"og:site_name\" content=\"SIVSA\" \/>\n<meta property=\"article:modified_time\" content=\"2018-10-15T07:17:38+00:00\" \/>\n<meta name=\"twitter:card\" content=\"summary\" \/>\n<meta name=\"twitter:site\" content=\"@sivsa_es\" \/>\n<meta name=\"twitter:label1\" content=\"Tiempo de lectura\" \/>\n\t<meta name=\"twitter:data1\" content=\"2 minutos\" \/>\n<script type=\"application\/ld+json\" class=\"yoast-schema-graph\">{\"@context\":\"https:\/\/schema.org\",\"@graph\":[{\"@type\":\"WebPage\",\"@id\":\"https:\/\/www.sivsa.com\/site\/hosix\/hosix-net\/extension-packs\/rehabilitacion\/\",\"url\":\"https:\/\/www.sivsa.com\/site\/hosix\/hosix-net\/extension-packs\/rehabilitacion\/\",\"name\":\"REHABILITACI\u00d3N - SIVSA\",\"isPartOf\":{\"@id\":\"https:\/\/www.sivsa.com\/site\/#website\"},\"datePublished\":\"2016-08-26T10:42:53+00:00\",\"dateModified\":\"2018-10-15T07:17:38+00:00\",\"breadcrumb\":{\"@id\":\"https:\/\/www.sivsa.com\/site\/hosix\/hosix-net\/extension-packs\/rehabilitacion\/#breadcrumb\"},\"inLanguage\":\"es\",\"potentialAction\":[{\"@type\":\"ReadAction\",\"target\":[\"https:\/\/www.sivsa.com\/site\/hosix\/hosix-net\/extension-packs\/rehabilitacion\/\"]}]},{\"@type\":\"BreadcrumbList\",\"@id\":\"https:\/\/www.sivsa.com\/site\/hosix\/hosix-net\/extension-packs\/rehabilitacion\/#breadcrumb\",\"itemListElement\":[{\"@type\":\"ListItem\",\"position\":1,\"name\":\"Portada\",\"item\":\"https:\/\/www.sivsa.com\/site\/\"},{\"@type\":\"ListItem\",\"position\":2,\"name\":\"HOSIX\",\"item\":\"https:\/\/www.sivsa.com\/site\/hosix\/\"},{\"@type\":\"ListItem\",\"position\":3,\"name\":\"HOSIX.NET\",\"item\":\"https:\/\/www.sivsa.com\/site\/hosix\/hosix-net\/\"},{\"@type\":\"ListItem\",\"position\":4,\"name\":\"HOSIX.NET EXTENSION PACKS\",\"item\":\"https:\/\/www.sivsa.com\/site\/hosix\/hosix-net\/extension-packs\/\"},{\"@type\":\"ListItem\",\"position\":5,\"name\":\"REHABILITACI\u00d3N\"}]},{\"@type\":\"WebSite\",\"@id\":\"https:\/\/www.sivsa.com\/site\/#website\",\"url\":\"https:\/\/www.sivsa.com\/site\/\",\"name\":\"SIVSA\",\"description\":\"SIVSA. Communicate in technology\",\"potentialAction\":[{\"@type\":\"SearchAction\",\"target\":{\"@type\":\"EntryPoint\",\"urlTemplate\":\"https:\/\/www.sivsa.com\/site\/?s={search_term_string}\"},\"query-input\":\"required name=search_term_string\"}],\"inLanguage\":\"es\"}]}<\/script>\n<!-- \/ Yoast SEO plugin. -->","yoast_head_json":{"title":"REHABILITACI\u00d3N - SIVSA","robots":{"index":"index","follow":"follow","max-snippet":"max-snippet:-1","max-image-preview":"max-image-preview:large","max-video-preview":"max-video-preview:-1"},"canonical":"https:\/\/www.sivsa.com\/site\/hosix\/hosix-net\/extension-packs\/rehabilitacion\/","og_locale":"es_ES","og_type":"article","og_title":"REHABILITACI\u00d3N - SIVSA","og_url":"https:\/\/www.sivsa.com\/site\/hosix\/hosix-net\/extension-packs\/rehabilitacion\/","og_site_name":"SIVSA","article_modified_time":"2018-10-15T07:17:38+00:00","twitter_card":"summary","twitter_site":"@sivsa_es","twitter_misc":{"Tiempo de lectura":"2 minutos"},"schema":{"@context":"https:\/\/schema.org","@graph":[{"@type":"WebPage","@id":"https:\/\/www.sivsa.com\/site\/hosix\/hosix-net\/extension-packs\/rehabilitacion\/","url":"https:\/\/www.sivsa.com\/site\/hosix\/hosix-net\/extension-packs\/rehabilitacion\/","name":"REHABILITACI\u00d3N - SIVSA","isPartOf":{"@id":"https:\/\/www.sivsa.com\/site\/#website"},"datePublished":"2016-08-26T10:42:53+00:00","dateModified":"2018-10-15T07:17:38+00:00","breadcrumb":{"@id":"https:\/\/www.sivsa.com\/site\/hosix\/hosix-net\/extension-packs\/rehabilitacion\/#breadcrumb"},"inLanguage":"es","potentialAction":[{"@type":"ReadAction","target":["https:\/\/www.sivsa.com\/site\/hosix\/hosix-net\/extension-packs\/rehabilitacion\/"]}]},{"@type":"BreadcrumbList","@id":"https:\/\/www.sivsa.com\/site\/hosix\/hosix-net\/extension-packs\/rehabilitacion\/#breadcrumb","itemListElement":[{"@type":"ListItem","position":1,"name":"Portada","item":"https:\/\/www.sivsa.com\/site\/"},{"@type":"ListItem","position":2,"name":"HOSIX","item":"https:\/\/www.sivsa.com\/site\/hosix\/"},{"@type":"ListItem","position":3,"name":"HOSIX.NET","item":"https:\/\/www.sivsa.com\/site\/hosix\/hosix-net\/"},{"@type":"ListItem","position":4,"name":"HOSIX.NET EXTENSION PACKS","item":"https:\/\/www.sivsa.com\/site\/hosix\/hosix-net\/extension-packs\/"},{"@type":"ListItem","position":5,"name":"REHABILITACI\u00d3N"}]},{"@type":"WebSite","@id":"https:\/\/www.sivsa.com\/site\/#website","url":"https:\/\/www.sivsa.com\/site\/","name":"SIVSA","description":"SIVSA. Communicate in technology","potentialAction":[{"@type":"SearchAction","target":{"@type":"EntryPoint","urlTemplate":"https:\/\/www.sivsa.com\/site\/?s={search_term_string}"},"query-input":"required name=search_term_string"}],"inLanguage":"es"}]}},"_links":{"self":[{"href":"https:\/\/www.sivsa.com\/site\/wp-json\/wp\/v2\/pages\/6283"}],"collection":[{"href":"https:\/\/www.sivsa.com\/site\/wp-json\/wp\/v2\/pages"}],"about":[{"href":"https:\/\/www.sivsa.com\/site\/wp-json\/wp\/v2\/types\/page"}],"author":[{"embeddable":true,"href":"https:\/\/www.sivsa.com\/site\/wp-json\/wp\/v2\/users\/1"}],"replies":[{"embeddable":true,"href":"https:\/\/www.sivsa.com\/site\/wp-json\/wp\/v2\/comments?post=6283"}],"version-history":[{"count":2,"href":"https:\/\/www.sivsa.com\/site\/wp-json\/wp\/v2\/pages\/6283\/revisions"}],"predecessor-version":[{"id":8181,"href":"https:\/\/www.sivsa.com\/site\/wp-json\/wp\/v2\/pages\/6283\/revisions\/8181"}],"up":[{"embeddable":true,"href":"https:\/\/www.sivsa.com\/site\/wp-json\/wp\/v2\/pages\/6129"}],"wp:featuredmedia":[{"embeddable":true,"href":"https:\/\/www.sivsa.com\/site\/wp-json\/"}],"wp:attachment":[{"href":"https:\/\/www.sivsa.com\/site\/wp-json\/wp\/v2\/media?parent=6283"}],"curies":[{"name":"wp","href":"https:\/\/api.w.org\/{rel}","templated":true}]}}