{"id":6167,"date":"2016-08-25T12:09:41","date_gmt":"2016-08-25T10:09:41","guid":{"rendered":"https:\/\/www.sivsa.com\/site\/?page_id=6167"},"modified":"2018-10-15T09:17:38","modified_gmt":"2018-10-15T07:17:38","slug":"ris","status":"publish","type":"page","link":"https:\/\/www.sivsa.com\/site\/hosix\/hosix-net\/clinic\/ris\/","title":{"rendered":"RIS"},"content":{"rendered":"<section class=\"l-section wpb_row height_medium with_video\"><div class=\"l-section-video\"><video muted loop autoplay preload=\"auto\"><source type=\"video\/mp4\" src=\"0\" \/><\/video><\/div><div class=\"l-section-h i-cf\"><div class=\"g-cols vc_row type_default valign_top\"><div class=\"vc_col-sm-2 wpb_column vc_column_container\"><div class=\"vc_column-inner\"><div class=\"wpb_wrapper\"><div class=\"w-image\"><div class=\"w-image-h\"><img   src=\"https:\/\/www.sivsa.com\/site\/wp-content\/uploads\/2016\/08\/HOSIX-clinic-logo.svg\" class=\"attachment-full size-full\" alt=\"HOSIX-clinic-logo\" loading=\"lazy\" \/><\/div><\/div><\/div><\/div><\/div><div class=\"vc_col-sm-10 wpb_column vc_column_container\"><div class=\"vc_column-inner\"><div class=\"wpb_wrapper\">\r\n\t<div class=\"wpb_text_column \">\r\n\t\t<div class=\"wpb_wrapper\">\r\n\t\t\t<h2>RIS<\/h2>\n\r\n\t\t<\/div>\r\n\t<\/div>\r\n<div class=\"w-tabs layout_default accordion title_left icon_chevron iconpos_right \"><div class=\"w-tabs-list items_2\"><div class=\"w-tabs-list-h\"><div class=\"w-tabs-item active defined-active\"><a href=\"#1472116911389-180338e5-b160\" class=\"w-tabs-item-h\"><span class=\"w-tabs-item-title\">Introducci\u00f3n<\/span><\/a><\/div>\n<div class=\"w-tabs-item\"><a href=\"#1472116911498-0ece94a4-eb38\" class=\"w-tabs-item-h\"><span class=\"w-tabs-item-title\">Caracter\u00edsticas<\/span><\/a><\/div>\n<\/div><\/div><div class=\"w-tabs-sections\"><div class=\"w-tabs-sections-h\"><div class=\"w-tabs-section active\" id=\"1472116911389-180338e5-b160\"><a href=\"#1472116911389-180338e5-b160\" class=\"w-tabs-section-header\"><div class=\"w-tabs-section-header-h\"><h5 class=\"w-tabs-section-title\">Introducci\u00f3n<\/h5><div class=\"w-tabs-section-control\"><\/div><\/div><\/a><div class=\"w-tabs-section-content\"><div class=\"w-tabs-section-content-h i-cf\">\r\n\t<div class=\"wpb_text_column \">\r\n\t\t<div class=\"wpb_wrapper\">\r\n\t\t\t<p>El m\u00f3dulo de \u201cRadiolog\u00eda\u201d le permite parametrizar y configurar plantillas predefinidas que nos servir\u00e1n de base para la realizaci\u00f3n de los informes de todos aquellos ex\u00e1menes que necesitemos.<\/p>\n<p>Permite preconfigurar si as\u00ed lo desea una o varias plantillas que ser\u00e1n llamadas de forma automatizada por el sistema en el momento de la confirmaci\u00f3n de la ejecuci\u00f3n del ex\u00e1men o ex\u00e1menes.<\/p>\n<p>Ofrece la posibilidad de m\u00faltiples formatos predefinidos o una simple hoja en blanco que se cargar\u00e1 a la hora de incorporar los resultados del ex\u00e1men al sistema.<\/p>\n<p>Posee un editor que le permitir\u00e1 configurar autotextos, de gran ayuda a la hora de redactar nuestros informes.<\/p>\n<p>Como control de seguridad adicional el sistema posee el concepto de marca de firmado. Este control hace que mientras que el informe no est\u00e9 firmado, s\u00f3lo pueda ser visualizado y modificado por el propio autor que detenta los permisos sobre \u00e9ste, y con posterioridad a la firma-publicaci\u00f3n de \u00e9ste, nadie (ni siquiera el autor), podr\u00e1 modificarlo, \u00fanicamente podr\u00e1 realizar un informe adicional.<\/p>\n<p>Una vez firmado-publicado el informe, pasar\u00e1 a formar parte indisociable del historial cl\u00ednico del paciente para facilitar las tareas de enfermer\u00eda y m\u00e9dicos, ya que comparte su informaci\u00f3n con los dos m\u00f3dulos anteriores.<\/p>\n\r\n\t\t<\/div>\r\n\t<\/div>\r\n<\/div><\/div><\/div><div class=\"w-tabs-section\" id=\"1472116911498-0ece94a4-eb38\"><a href=\"#1472116911498-0ece94a4-eb38\" class=\"w-tabs-section-header\"><div class=\"w-tabs-section-header-h\"><h5 class=\"w-tabs-section-title\">Caracter\u00edsticas<\/h5><div class=\"w-tabs-section-control\"><\/div><\/div><\/a><div class=\"w-tabs-section-content\"><div class=\"w-tabs-section-content-h i-cf\">\r\n\t<div class=\"wpb_text_column \">\r\n\t\t<div class=\"wpb_wrapper\">\r\n\t\t\t<ul>\n<li>Permite la pre-configuraci\u00f3n de cualquier tipo de plantilla asociada previamente para cada agenda-actividad.<\/li>\n<li>Permite atribuir permisos de acceso, creaci\u00f3n, creaci\u00f3n adicional, configurables para cada agenda (examen), actividad.<\/li>\n<li>Permite la definici\u00f3n de autorizaciones para el firmado-publicaci\u00f3n de los informes.<\/li>\n<li>Totalmente integrado con el sistema de agendas &#8211; ex\u00e1menes, sobre el cual se desarrolla toda la pre-configuraci\u00f3n y definici\u00f3n de plantillas del paciente.<\/li>\n<\/ul>\n\r\n\t\t<\/div>\r\n\t<\/div>\r\n<\/div><\/div><\/div><\/div><\/div><\/div><\/div><\/div><\/div><\/div><\/div><\/section>\n","protected":false},"excerpt":{"rendered":"RIS Introducci\u00f3n Caracter\u00edsticas Introducci\u00f3n El m\u00f3dulo de \u201cRadiolog\u00eda\u201d le permite parametrizar y configurar plantillas predefinidas que nos servir\u00e1n de base para la realizaci\u00f3n de los informes de todos aquellos ex\u00e1menes que necesitemos. Permite preconfigurar si as\u00ed lo desea una o varias plantillas que ser\u00e1n llamadas de forma automatizada por el sistema en el momento de...","protected":false},"author":1,"featured_media":4944,"parent":6127,"menu_order":0,"comment_status":"closed","ping_status":"closed","template":"","meta":{"xn-wppe-expiration":[],"xn-wppe-expiration-action":[],"xn-wppe-expiration-prefix":[]},"yoast_head":"<!-- This site is optimized with the Yoast SEO plugin v19.6.1 - https:\/\/yoast.com\/wordpress\/plugins\/seo\/ -->\n<title>RIS - SIVSA<\/title>\n<meta name=\"robots\" content=\"index, follow, max-snippet:-1, max-image-preview:large, max-video-preview:-1\" \/>\n<link rel=\"canonical\" href=\"https:\/\/www.sivsa.com\/site\/hosix\/hosix-net\/clinic\/ris\/\" \/>\n<meta property=\"og:locale\" content=\"es_ES\" \/>\n<meta property=\"og:type\" content=\"article\" \/>\n<meta property=\"og:title\" content=\"RIS - SIVSA\" \/>\n<meta property=\"og:url\" content=\"https:\/\/www.sivsa.com\/site\/hosix\/hosix-net\/clinic\/ris\/\" \/>\n<meta property=\"og:site_name\" content=\"SIVSA\" \/>\n<meta property=\"article:modified_time\" content=\"2018-10-15T07:17:38+00:00\" \/>\n<meta name=\"twitter:card\" content=\"summary\" \/>\n<meta name=\"twitter:site\" content=\"@sivsa_es\" \/>\n<meta name=\"twitter:label1\" content=\"Tiempo de lectura\" \/>\n\t<meta name=\"twitter:data1\" content=\"2 minutos\" \/>\n<script type=\"application\/ld+json\" class=\"yoast-schema-graph\">{\"@context\":\"https:\/\/schema.org\",\"@graph\":[{\"@type\":\"WebPage\",\"@id\":\"https:\/\/www.sivsa.com\/site\/hosix\/hosix-net\/clinic\/ris\/\",\"url\":\"https:\/\/www.sivsa.com\/site\/hosix\/hosix-net\/clinic\/ris\/\",\"name\":\"RIS - SIVSA\",\"isPartOf\":{\"@id\":\"https:\/\/www.sivsa.com\/site\/#website\"},\"datePublished\":\"2016-08-25T10:09:41+00:00\",\"dateModified\":\"2018-10-15T07:17:38+00:00\",\"breadcrumb\":{\"@id\":\"https:\/\/www.sivsa.com\/site\/hosix\/hosix-net\/clinic\/ris\/#breadcrumb\"},\"inLanguage\":\"es\",\"potentialAction\":[{\"@type\":\"ReadAction\",\"target\":[\"https:\/\/www.sivsa.com\/site\/hosix\/hosix-net\/clinic\/ris\/\"]}]},{\"@type\":\"BreadcrumbList\",\"@id\":\"https:\/\/www.sivsa.com\/site\/hosix\/hosix-net\/clinic\/ris\/#breadcrumb\",\"itemListElement\":[{\"@type\":\"ListItem\",\"position\":1,\"name\":\"Portada\",\"item\":\"https:\/\/www.sivsa.com\/site\/\"},{\"@type\":\"ListItem\",\"position\":2,\"name\":\"HOSIX\",\"item\":\"https:\/\/www.sivsa.com\/site\/hosix\/\"},{\"@type\":\"ListItem\",\"position\":3,\"name\":\"HOSIX.NET\",\"item\":\"https:\/\/www.sivsa.com\/site\/hosix\/hosix-net\/\"},{\"@type\":\"ListItem\",\"position\":4,\"name\":\"HOSIX.NET CLINIC\",\"item\":\"https:\/\/www.sivsa.com\/site\/hosix\/hosix-net\/clinic\/\"},{\"@type\":\"ListItem\",\"position\":5,\"name\":\"RIS\"}]},{\"@type\":\"WebSite\",\"@id\":\"https:\/\/www.sivsa.com\/site\/#website\",\"url\":\"https:\/\/www.sivsa.com\/site\/\",\"name\":\"SIVSA\",\"description\":\"SIVSA. Communicate in technology\",\"potentialAction\":[{\"@type\":\"SearchAction\",\"target\":{\"@type\":\"EntryPoint\",\"urlTemplate\":\"https:\/\/www.sivsa.com\/site\/?s={search_term_string}\"},\"query-input\":\"required name=search_term_string\"}],\"inLanguage\":\"es\"}]}<\/script>\n<!-- \/ Yoast SEO plugin. -->","yoast_head_json":{"title":"RIS - SIVSA","robots":{"index":"index","follow":"follow","max-snippet":"max-snippet:-1","max-image-preview":"max-image-preview:large","max-video-preview":"max-video-preview:-1"},"canonical":"https:\/\/www.sivsa.com\/site\/hosix\/hosix-net\/clinic\/ris\/","og_locale":"es_ES","og_type":"article","og_title":"RIS - SIVSA","og_url":"https:\/\/www.sivsa.com\/site\/hosix\/hosix-net\/clinic\/ris\/","og_site_name":"SIVSA","article_modified_time":"2018-10-15T07:17:38+00:00","twitter_card":"summary","twitter_site":"@sivsa_es","twitter_misc":{"Tiempo de lectura":"2 minutos"},"schema":{"@context":"https:\/\/schema.org","@graph":[{"@type":"WebPage","@id":"https:\/\/www.sivsa.com\/site\/hosix\/hosix-net\/clinic\/ris\/","url":"https:\/\/www.sivsa.com\/site\/hosix\/hosix-net\/clinic\/ris\/","name":"RIS - SIVSA","isPartOf":{"@id":"https:\/\/www.sivsa.com\/site\/#website"},"datePublished":"2016-08-25T10:09:41+00:00","dateModified":"2018-10-15T07:17:38+00:00","breadcrumb":{"@id":"https:\/\/www.sivsa.com\/site\/hosix\/hosix-net\/clinic\/ris\/#breadcrumb"},"inLanguage":"es","potentialAction":[{"@type":"ReadAction","target":["https:\/\/www.sivsa.com\/site\/hosix\/hosix-net\/clinic\/ris\/"]}]},{"@type":"BreadcrumbList","@id":"https:\/\/www.sivsa.com\/site\/hosix\/hosix-net\/clinic\/ris\/#breadcrumb","itemListElement":[{"@type":"ListItem","position":1,"name":"Portada","item":"https:\/\/www.sivsa.com\/site\/"},{"@type":"ListItem","position":2,"name":"HOSIX","item":"https:\/\/www.sivsa.com\/site\/hosix\/"},{"@type":"ListItem","position":3,"name":"HOSIX.NET","item":"https:\/\/www.sivsa.com\/site\/hosix\/hosix-net\/"},{"@type":"ListItem","position":4,"name":"HOSIX.NET CLINIC","item":"https:\/\/www.sivsa.com\/site\/hosix\/hosix-net\/clinic\/"},{"@type":"ListItem","position":5,"name":"RIS"}]},{"@type":"WebSite","@id":"https:\/\/www.sivsa.com\/site\/#website","url":"https:\/\/www.sivsa.com\/site\/","name":"SIVSA","description":"SIVSA. Communicate in technology","potentialAction":[{"@type":"SearchAction","target":{"@type":"EntryPoint","urlTemplate":"https:\/\/www.sivsa.com\/site\/?s={search_term_string}"},"query-input":"required name=search_term_string"}],"inLanguage":"es"}]}},"_links":{"self":[{"href":"https:\/\/www.sivsa.com\/site\/wp-json\/wp\/v2\/pages\/6167"}],"collection":[{"href":"https:\/\/www.sivsa.com\/site\/wp-json\/wp\/v2\/pages"}],"about":[{"href":"https:\/\/www.sivsa.com\/site\/wp-json\/wp\/v2\/types\/page"}],"author":[{"embeddable":true,"href":"https:\/\/www.sivsa.com\/site\/wp-json\/wp\/v2\/users\/1"}],"replies":[{"embeddable":true,"href":"https:\/\/www.sivsa.com\/site\/wp-json\/wp\/v2\/comments?post=6167"}],"version-history":[{"count":4,"href":"https:\/\/www.sivsa.com\/site\/wp-json\/wp\/v2\/pages\/6167\/revisions"}],"predecessor-version":[{"id":8189,"href":"https:\/\/www.sivsa.com\/site\/wp-json\/wp\/v2\/pages\/6167\/revisions\/8189"}],"up":[{"embeddable":true,"href":"https:\/\/www.sivsa.com\/site\/wp-json\/wp\/v2\/pages\/6127"}],"wp:featuredmedia":[{"embeddable":true,"href":"https:\/\/www.sivsa.com\/site\/wp-json\/"}],"wp:attachment":[{"href":"https:\/\/www.sivsa.com\/site\/wp-json\/wp\/v2\/media?parent=6167"}],"curies":[{"name":"wp","href":"https:\/\/api.w.org\/{rel}","templated":true}]}}