{"id":6044,"date":"2016-08-24T12:24:54","date_gmt":"2016-08-24T10:24:54","guid":{"rendered":"https:\/\/www.sivsa.com\/site\/?page_id=6044"},"modified":"2018-10-23T13:42:28","modified_gmt":"2018-10-23T11:42:28","slug":"business-intelligence","status":"publish","type":"page","link":"https:\/\/www.sivsa.com\/site\/servicios\/business-intelligence\/","title":{"rendered":"BUSINESS INTELLIGENCE"},"content":{"rendered":"<section class=\"l-section wpb_row height_medium with_video\"><div class=\"l-section-video\"><video muted loop autoplay preload=\"auto\"><source type=\"video\/mp4\" src=\"0\" \/><\/video><\/div><div class=\"l-section-h i-cf\"><div class=\"g-cols vc_row type_default valign_top\"><div class=\"vc_col-sm-12 wpb_column vc_column_container\"><div class=\"vc_column-inner\"><div class=\"wpb_wrapper\">\r\n\t<div class=\"wpb_text_column \">\r\n\t\t<div class=\"wpb_wrapper\">\r\n\t\t\t<h3>BUSINESS INTELLIGENCE (BI)<\/h3>\n\r\n\t\t<\/div>\r\n\t<\/div>\r\n<ol class=\"g-breadcrumbs separator_icon align_left\" itemscope itemtype=\"http:\/\/schema.org\/BreadcrumbList\"><li class=\"g-breadcrumbs-item\" itemprop=\"itemListElement\" itemscope itemtype=\"http:\/\/schema.org\/ListItem\"><a itemprop=\"name\" href=\"https:\/\/www.sivsa.com\/site\/\">Inicio<\/a><\/li><li class=\"g-breadcrumbs-separator\"><i class=\"fas fa-angle-right\"><\/i><\/li><li class=\"g-breadcrumbs-item\" itemprop=\"itemListElement\" itemscope itemtype=\"http:\/\/schema.org\/ListItem\">P\u00e1ginas<\/li><\/ol><div class=\"w-separator type_invisible size_medium\"><\/div>\r\n\t<div class=\"wpb_text_column \">\r\n\t\t<div class=\"wpb_wrapper\">\r\n\t\t\t<p>Vivimos en un mundo altamente competitivo y estamos obligados continuamente a tomar decisiones de cara a una mejor productividad y calidad del servicio. Por ello, las empresas y administraciones disponen de grandes vol\u00famenes de datos almacenados en sus sistemas operacionales, los cuales son transformados en informaci\u00f3n \u00fatil gracias a las soluciones BI.<\/p>\n<p>Nuestras soluciones permiten cubrir los siguientes objetivos:<\/p>\n<ol>\n<li>Integrar la informaci\u00f3n de gesti\u00f3n corporativa en un \u00fanico punto, que relaciona la informaci\u00f3n de las diferentes \u00e1reas de la organizaci\u00f3n.<\/li>\n<li>Ofrecer autonom\u00eda a los usuarios de negocio en la realizaci\u00f3n de an\u00e1lisis y consultas sobre el sistema de informaci\u00f3n, sin necesidad de conocimientos t\u00e9cnicos, perfilando la informaci\u00f3n accesible a cada usuario de la organizaci\u00f3n.<\/li>\n<li>Garantizar la calidad de la informaci\u00f3n consultada, que debe estar contrastada y de la cual exista una \u00fanica versi\u00f3n.<\/li>\n<li>Agilizar la toma de decisiones en todos los niveles de las organizaciones.<\/li>\n<\/ol>\n<p>La elecci\u00f3n de herramientas BI en cada proyecto est\u00e1 condicionada a las necesidades funcionales y a la infraestructura hardware y software de cada organizaci\u00f3n. En SIVSA estamos especializados en la implantaci\u00f3n de soluciones BI en nuestros clientes, utilizando para ello los productos de los siguientes fabricantes:<\/p>\n<p><strong>PSA Citr\u00f6en (Industria automovil\u00edstica):<\/strong> dise\u00f1o y desarrollo de un sistema de informaci\u00f3n basado en Business Objects para el seguimiento de indicadores de calidad est\u00e1ndar asegurando la comparaci\u00f3n y seguimiento de los resultados entre f\u00e1bricas del grupo en el mundo.<\/p>\n<p><strong>NovaGalicia Banco (Sector financiero):<\/strong> dise\u00f1o y desarrollo de los sistemas de informaci\u00f3n de morosidad, solvencia, informaci\u00f3n al banco de Espa\u00f1a, con tecnolog\u00eda Business Objects y Oracle BI\u2026<\/p>\n<p><strong>Hosix (Sector sanidad):<\/strong> SIVSA dispone en su Sistema de Informaci\u00f3n para grandes hospitales de un cuadro de mando propio que da soporte a la toma de decisiones de nuestros clientes. Contempla todas las \u00e1reas de gesti\u00f3n de un hospital, desde indicadores globales a departamentos (quir\u00f3fanos, diet\u00e9tica, farmacia\u2026)<\/p>\n<p><strong>Sergas (Sector sanidad):<\/strong> dise\u00f1o de un cuadro de mando del sistema de rehabilitaci\u00f3n de pacientes para su implantaci\u00f3n en todos los hospitales pertenecientes al Sergas. Desarrollo que se realiza con Pentaho y Business Objects.<\/p>\n<p><strong>Xunta de Galicia \u2013 Conseller\u00eda de Pesca (Administraci\u00f3n P\u00fablica):<\/strong> dise\u00f1o e implementaci\u00f3n de un conjunto de modelos OLAP con informaci\u00f3n relacionada con las notas de primera venta de pesca fresca, el registro de buques pesqueros, los permisos de marisqueo a pie, comercio exterior en el sector pesquero y producci\u00f3n de acuicultura. Desarrollo realizado con Microsoft SQL Server.<\/p>\n\r\n\t\t<\/div>\r\n\t<\/div>\r\n<\/div><\/div><\/div><\/div><\/div><\/section>\n","protected":false},"excerpt":{"rendered":"BUSINESS INTELLIGENCE (BI) InicioP\u00e1ginas Vivimos en un mundo altamente competitivo y estamos obligados continuamente a tomar decisiones de cara a una mejor productividad y calidad del servicio. Por ello, las empresas y administraciones disponen de grandes vol\u00famenes de datos almacenados en sus sistemas operacionales, los cuales son transformados en informaci\u00f3n \u00fatil gracias a las soluciones...","protected":false},"author":1,"featured_media":4944,"parent":5914,"menu_order":0,"comment_status":"closed","ping_status":"closed","template":"","meta":{"xn-wppe-expiration":[],"xn-wppe-expiration-action":[],"xn-wppe-expiration-prefix":[]},"yoast_head":"<!-- This site is optimized with the Yoast SEO plugin v19.6.1 - https:\/\/yoast.com\/wordpress\/plugins\/seo\/ -->\n<title>BUSINESS INTELLIGENCE - SIVSA<\/title>\n<meta name=\"robots\" content=\"index, follow, max-snippet:-1, max-image-preview:large, max-video-preview:-1\" \/>\n<link rel=\"canonical\" href=\"https:\/\/www.sivsa.com\/site\/servicios\/business-intelligence\/\" \/>\n<meta property=\"og:locale\" content=\"es_ES\" \/>\n<meta property=\"og:type\" content=\"article\" \/>\n<meta property=\"og:title\" content=\"BUSINESS INTELLIGENCE - SIVSA\" \/>\n<meta property=\"og:url\" content=\"https:\/\/www.sivsa.com\/site\/servicios\/business-intelligence\/\" \/>\n<meta property=\"og:site_name\" content=\"SIVSA\" \/>\n<meta property=\"article:modified_time\" content=\"2018-10-23T11:42:28+00:00\" \/>\n<meta name=\"twitter:card\" content=\"summary\" \/>\n<meta name=\"twitter:site\" content=\"@sivsa_es\" \/>\n<meta name=\"twitter:label1\" content=\"Tiempo de lectura\" \/>\n\t<meta name=\"twitter:data1\" content=\"2 minutos\" \/>\n<script type=\"application\/ld+json\" class=\"yoast-schema-graph\">{\"@context\":\"https:\/\/schema.org\",\"@graph\":[{\"@type\":\"WebPage\",\"@id\":\"https:\/\/www.sivsa.com\/site\/servicios\/business-intelligence\/\",\"url\":\"https:\/\/www.sivsa.com\/site\/servicios\/business-intelligence\/\",\"name\":\"BUSINESS INTELLIGENCE - SIVSA\",\"isPartOf\":{\"@id\":\"https:\/\/www.sivsa.com\/site\/#website\"},\"datePublished\":\"2016-08-24T10:24:54+00:00\",\"dateModified\":\"2018-10-23T11:42:28+00:00\",\"breadcrumb\":{\"@id\":\"https:\/\/www.sivsa.com\/site\/servicios\/business-intelligence\/#breadcrumb\"},\"inLanguage\":\"es\",\"potentialAction\":[{\"@type\":\"ReadAction\",\"target\":[\"https:\/\/www.sivsa.com\/site\/servicios\/business-intelligence\/\"]}]},{\"@type\":\"BreadcrumbList\",\"@id\":\"https:\/\/www.sivsa.com\/site\/servicios\/business-intelligence\/#breadcrumb\",\"itemListElement\":[{\"@type\":\"ListItem\",\"position\":1,\"name\":\"Portada\",\"item\":\"https:\/\/www.sivsa.com\/site\/\"},{\"@type\":\"ListItem\",\"position\":2,\"name\":\"SERVICIOS\",\"item\":\"https:\/\/www.sivsa.com\/site\/servicios\/\"},{\"@type\":\"ListItem\",\"position\":3,\"name\":\"BUSINESS INTELLIGENCE\"}]},{\"@type\":\"WebSite\",\"@id\":\"https:\/\/www.sivsa.com\/site\/#website\",\"url\":\"https:\/\/www.sivsa.com\/site\/\",\"name\":\"SIVSA\",\"description\":\"SIVSA. Communicate in technology\",\"potentialAction\":[{\"@type\":\"SearchAction\",\"target\":{\"@type\":\"EntryPoint\",\"urlTemplate\":\"https:\/\/www.sivsa.com\/site\/?s={search_term_string}\"},\"query-input\":\"required name=search_term_string\"}],\"inLanguage\":\"es\"}]}<\/script>\n<!-- \/ Yoast SEO plugin. -->","yoast_head_json":{"title":"BUSINESS INTELLIGENCE - SIVSA","robots":{"index":"index","follow":"follow","max-snippet":"max-snippet:-1","max-image-preview":"max-image-preview:large","max-video-preview":"max-video-preview:-1"},"canonical":"https:\/\/www.sivsa.com\/site\/servicios\/business-intelligence\/","og_locale":"es_ES","og_type":"article","og_title":"BUSINESS INTELLIGENCE - SIVSA","og_url":"https:\/\/www.sivsa.com\/site\/servicios\/business-intelligence\/","og_site_name":"SIVSA","article_modified_time":"2018-10-23T11:42:28+00:00","twitter_card":"summary","twitter_site":"@sivsa_es","twitter_misc":{"Tiempo de lectura":"2 minutos"},"schema":{"@context":"https:\/\/schema.org","@graph":[{"@type":"WebPage","@id":"https:\/\/www.sivsa.com\/site\/servicios\/business-intelligence\/","url":"https:\/\/www.sivsa.com\/site\/servicios\/business-intelligence\/","name":"BUSINESS INTELLIGENCE - SIVSA","isPartOf":{"@id":"https:\/\/www.sivsa.com\/site\/#website"},"datePublished":"2016-08-24T10:24:54+00:00","dateModified":"2018-10-23T11:42:28+00:00","breadcrumb":{"@id":"https:\/\/www.sivsa.com\/site\/servicios\/business-intelligence\/#breadcrumb"},"inLanguage":"es","potentialAction":[{"@type":"ReadAction","target":["https:\/\/www.sivsa.com\/site\/servicios\/business-intelligence\/"]}]},{"@type":"BreadcrumbList","@id":"https:\/\/www.sivsa.com\/site\/servicios\/business-intelligence\/#breadcrumb","itemListElement":[{"@type":"ListItem","position":1,"name":"Portada","item":"https:\/\/www.sivsa.com\/site\/"},{"@type":"ListItem","position":2,"name":"SERVICIOS","item":"https:\/\/www.sivsa.com\/site\/servicios\/"},{"@type":"ListItem","position":3,"name":"BUSINESS INTELLIGENCE"}]},{"@type":"WebSite","@id":"https:\/\/www.sivsa.com\/site\/#website","url":"https:\/\/www.sivsa.com\/site\/","name":"SIVSA","description":"SIVSA. Communicate in technology","potentialAction":[{"@type":"SearchAction","target":{"@type":"EntryPoint","urlTemplate":"https:\/\/www.sivsa.com\/site\/?s={search_term_string}"},"query-input":"required name=search_term_string"}],"inLanguage":"es"}]}},"_links":{"self":[{"href":"https:\/\/www.sivsa.com\/site\/wp-json\/wp\/v2\/pages\/6044"}],"collection":[{"href":"https:\/\/www.sivsa.com\/site\/wp-json\/wp\/v2\/pages"}],"about":[{"href":"https:\/\/www.sivsa.com\/site\/wp-json\/wp\/v2\/types\/page"}],"author":[{"embeddable":true,"href":"https:\/\/www.sivsa.com\/site\/wp-json\/wp\/v2\/users\/1"}],"replies":[{"embeddable":true,"href":"https:\/\/www.sivsa.com\/site\/wp-json\/wp\/v2\/comments?post=6044"}],"version-history":[{"count":7,"href":"https:\/\/www.sivsa.com\/site\/wp-json\/wp\/v2\/pages\/6044\/revisions"}],"predecessor-version":[{"id":8596,"href":"https:\/\/www.sivsa.com\/site\/wp-json\/wp\/v2\/pages\/6044\/revisions\/8596"}],"up":[{"embeddable":true,"href":"https:\/\/www.sivsa.com\/site\/wp-json\/wp\/v2\/pages\/5914"}],"wp:featuredmedia":[{"embeddable":true,"href":"https:\/\/www.sivsa.com\/site\/wp-json\/"}],"wp:attachment":[{"href":"https:\/\/www.sivsa.com\/site\/wp-json\/wp\/v2\/media?parent=6044"}],"curies":[{"name":"wp","href":"https:\/\/api.w.org\/{rel}","templated":true}]}}