{"id":5815,"date":"2016-08-19T14:53:30","date_gmt":"2016-08-19T12:53:30","guid":{"rendered":"https:\/\/www.sivsa.com\/site\/?page_id=5815"},"modified":"2018-10-22T19:20:27","modified_gmt":"2018-10-22T17:20:27","slug":"clouddoctor","status":"publish","type":"page","link":"https:\/\/www.sivsa.com\/site\/idi-3\/clouddoctor\/","title":{"rendered":"CLOUDDOCTOR"},"content":{"rendered":"<section class=\"l-section wpb_row height_medium with_video\"><div class=\"l-section-video\"><video muted loop autoplay preload=\"auto\"><source type=\"video\/mp4\" src=\"0\" \/><\/video><\/div><div class=\"l-section-h i-cf\"><div class=\"g-cols vc_row type_default valign_top\"><div class=\"vc_col-sm-4 wpb_column vc_column_container\"><div class=\"vc_column-inner\"><div class=\"wpb_wrapper\">[vc_raw_html]JTNDZGl2JTIwY2xhc3MlM0QlMjJ3LWltYWdlJTIwJTIwYWxpZ25fY2VudGVyJTIwYW5pbWF0ZV9hZmIlMjBhbmltYXRlX3N0YXJ0JTIyJTNFJTNDaW1nJTIwc3JjJTNEJTIyaHR0cCUzQSUyRiUyRnd3dy5zaXZzYS5jb20lMkZzaXRlJTJGd3AtY29udGVudCUyRnVwbG9hZHMlMkYyMDE2JTJGMDglMkZjbG91ZERvY3Rvci1sb2dvLnN2ZyUyMiUyMGNsYXNzJTNEJTIyYXR0YWNobWVudC1mdWxsJTIwc2l6ZS1mdWxsJTIyJTIwYWx0JTNEJTIyY2xvdWREb2N0b3ItbG9nbyUyMiUyMGRhdGEtcGluLW5vcGluJTNEJTIydHJ1ZSUyMiUzRSUzQyUyRmRpdiUzRQ==[\/vc_raw_html]<\/div><\/div><\/div><div class=\"vc_col-sm-8 wpb_column vc_column_container\"><div class=\"vc_column-inner\"><div class=\"wpb_wrapper\">\r\n\t<div class=\"wpb_text_column \">\r\n\t\t<div class=\"wpb_wrapper\">\r\n\t\t\t<h3>CloudDoctor<\/h3>\n\r\n\t\t<\/div>\r\n\t<\/div>\r\n<ol class=\"g-breadcrumbs separator_icon align_left\" itemscope itemtype=\"http:\/\/schema.org\/BreadcrumbList\"><li class=\"g-breadcrumbs-item\" itemprop=\"itemListElement\" itemscope itemtype=\"http:\/\/schema.org\/ListItem\"><a itemprop=\"name\" href=\"https:\/\/www.sivsa.com\/site\/\">Inicio<\/a><\/li><li class=\"g-breadcrumbs-separator\"><i class=\"fas fa-angle-right\"><\/i><\/li><li class=\"g-breadcrumbs-item\" itemprop=\"itemListElement\" itemscope itemtype=\"http:\/\/schema.org\/ListItem\">P\u00e1ginas<\/li><\/ol><div class=\"w-separator type_invisible size_medium\"><\/div>\r\n\t<div class=\"wpb_text_column \">\r\n\t\t<div class=\"wpb_wrapper\">\r\n\t\t\t<p>Dise\u00f1o de una plataforma abierta para servicios en la nube, basada en protocolos est\u00e1ndar de comunicaci\u00f3n y almacenamiento. Es compatible con diferentes dispositivos de acceso y perif\u00e9ricos de entrada.<\/p>\n<p>La tecnolog\u00eda empleada se basa en est\u00e1ndares europeos y normas nacionales en el \u00e1mbito de la inform\u00e1tica m\u00e9dica para el modelo de datos, el registro de datos de salud para intercambio de informaci\u00f3n entre sistemas y para la comunicaci\u00f3n con los dispositivos de captura de datos biom\u00e9dicos.<\/p>\n<blockquote><p>\nEste proyecto ha sido cofinanciado por el Ministerio de Industria, Energ\u00eda y Turismo, dentro del Plan Nacional de Investigaci\u00f3n Cient\u00edfica, desarrollo e Innovaci\u00f3n Tecnol\u00f3gica 2013-2016, con el n\u00famero de referencia TSI-100300-2013-237.\n<\/p><\/blockquote>\n\r\n\t\t<\/div>\r\n\t<\/div>\r\n<div class=\"g-cols wpb_row type_default valign_top vc_inner \"><div class=\"vc_col-sm-6 wpb_column vc_column_container\"><div class=\"vc_column-inner\"><div class=\"wpb_wrapper\"><div class=\"w-image align_center\"><div class=\"w-image-h\"><img width=\"170\" height=\"39\" src=\"https:\/\/www.sivsa.com\/site\/wp-content\/uploads\/2016\/08\/gobiernoo.jpg\" class=\"attachment-medium size-medium\" alt=\"\" loading=\"lazy\" \/><\/div><\/div><\/div><\/div><\/div><div class=\"vc_col-sm-6 wpb_column vc_column_container\"><div class=\"vc_column-inner\"><div class=\"wpb_wrapper\"><div class=\"w-image align_center\"><div class=\"w-image-h\"><img width=\"170\" height=\"73\" src=\"https:\/\/www.sivsa.com\/site\/wp-content\/uploads\/2016\/08\/unnamed-3.jpg\" class=\"attachment-medium size-medium\" alt=\"\" loading=\"lazy\" \/><\/div><\/div><\/div><\/div><\/div><\/div><\/div><\/div><\/div><\/div><\/div><\/section>\n","protected":false},"excerpt":{"rendered":"[vc_raw_html]JTNDZGl2JTIwY2xhc3MlM0QlMjJ3LWltYWdlJTIwJTIwYWxpZ25fY2VudGVyJTIwYW5pbWF0ZV9hZmIlMjBhbmltYXRlX3N0YXJ0JTIyJTNFJTNDaW1nJTIwc3JjJTNEJTIyaHR0cCUzQSUyRiUyRnd3dy5zaXZzYS5jb20lMkZzaXRlJTJGd3AtY29udGVudCUyRnVwbG9hZHMlMkYyMDE2JTJGMDglMkZjbG91ZERvY3Rvci1sb2dvLnN2ZyUyMiUyMGNsYXNzJTNEJTIyYXR0YWNobWVudC1mdWxsJTIwc2l6ZS1mdWxsJTIyJTIwYWx0JTNEJTIyY2xvdWREb2N0b3ItbG9nbyUyMiUyMGRhdGEtcGluLW5vcGluJTNEJTIydHJ1ZSUyMiUzRSUzQyUyRmRpdiUzRQ==[\/vc_raw_html] CloudDoctor InicioP\u00e1ginas Dise\u00f1o de una plataforma abierta para servicios en la nube, basada en protocolos est\u00e1ndar de comunicaci\u00f3n y almacenamiento. Es compatible con diferentes dispositivos de acceso y perif\u00e9ricos de entrada. La tecnolog\u00eda empleada se basa en est\u00e1ndares europeos y normas nacionales en el \u00e1mbito de la inform\u00e1tica m\u00e9dica para el modelo de datos,...","protected":false},"author":1,"featured_media":4944,"parent":6611,"menu_order":0,"comment_status":"closed","ping_status":"closed","template":"","meta":{"xn-wppe-expiration":[],"xn-wppe-expiration-action":[],"xn-wppe-expiration-prefix":[]},"yoast_head":"<!-- This site is optimized with the Yoast SEO plugin v19.6.1 - https:\/\/yoast.com\/wordpress\/plugins\/seo\/ -->\n<title>CLOUDDOCTOR - SIVSA Soluciones Inform\u00e1ticas<\/title>\n<meta name=\"description\" content=\"CloudDoctor, plataforma abierta para servicios en la nube que se basa en protocolos est\u00e1ndar de comunicaci\u00f3n y almacenamiento.\" \/>\n<meta name=\"robots\" content=\"index, follow, max-snippet:-1, max-image-preview:large, max-video-preview:-1\" \/>\n<link rel=\"canonical\" href=\"https:\/\/www.sivsa.com\/site\/idi-3\/clouddoctor\/\" \/>\n<meta property=\"og:locale\" content=\"es_ES\" \/>\n<meta property=\"og:type\" content=\"article\" \/>\n<meta property=\"og:title\" content=\"CLOUDDOCTOR - SIVSA Soluciones Inform\u00e1ticas\" \/>\n<meta property=\"og:description\" content=\"CloudDoctor, plataforma abierta para servicios en la nube que se basa en protocolos est\u00e1ndar de comunicaci\u00f3n y almacenamiento.\" \/>\n<meta property=\"og:url\" content=\"https:\/\/www.sivsa.com\/site\/idi-3\/clouddoctor\/\" \/>\n<meta property=\"og:site_name\" content=\"SIVSA\" \/>\n<meta property=\"article:modified_time\" content=\"2018-10-22T17:20:27+00:00\" \/>\n<meta name=\"twitter:card\" content=\"summary\" \/>\n<meta name=\"twitter:site\" content=\"@sivsa_es\" \/>\n<meta name=\"twitter:label1\" content=\"Tiempo de lectura\" \/>\n\t<meta name=\"twitter:data1\" content=\"1 minuto\" \/>\n<script type=\"application\/ld+json\" class=\"yoast-schema-graph\">{\"@context\":\"https:\/\/schema.org\",\"@graph\":[{\"@type\":\"WebPage\",\"@id\":\"https:\/\/www.sivsa.com\/site\/idi-3\/clouddoctor\/\",\"url\":\"https:\/\/www.sivsa.com\/site\/idi-3\/clouddoctor\/\",\"name\":\"CLOUDDOCTOR - SIVSA Soluciones Inform\u00e1ticas\",\"isPartOf\":{\"@id\":\"https:\/\/www.sivsa.com\/site\/#website\"},\"datePublished\":\"2016-08-19T12:53:30+00:00\",\"dateModified\":\"2018-10-22T17:20:27+00:00\",\"description\":\"CloudDoctor, plataforma abierta para servicios en la nube que se basa en protocolos est\u00e1ndar de comunicaci\u00f3n y almacenamiento.\",\"breadcrumb\":{\"@id\":\"https:\/\/www.sivsa.com\/site\/idi-3\/clouddoctor\/#breadcrumb\"},\"inLanguage\":\"es\",\"potentialAction\":[{\"@type\":\"ReadAction\",\"target\":[\"https:\/\/www.sivsa.com\/site\/idi-3\/clouddoctor\/\"]}]},{\"@type\":\"BreadcrumbList\",\"@id\":\"https:\/\/www.sivsa.com\/site\/idi-3\/clouddoctor\/#breadcrumb\",\"itemListElement\":[{\"@type\":\"ListItem\",\"position\":1,\"name\":\"Portada\",\"item\":\"https:\/\/www.sivsa.com\/site\/\"},{\"@type\":\"ListItem\",\"position\":2,\"name\":\"I+D+i\",\"item\":\"https:\/\/www.sivsa.com\/site\/idi-3\/\"},{\"@type\":\"ListItem\",\"position\":3,\"name\":\"CLOUDDOCTOR\"}]},{\"@type\":\"WebSite\",\"@id\":\"https:\/\/www.sivsa.com\/site\/#website\",\"url\":\"https:\/\/www.sivsa.com\/site\/\",\"name\":\"SIVSA\",\"description\":\"SIVSA. Communicate in technology\",\"potentialAction\":[{\"@type\":\"SearchAction\",\"target\":{\"@type\":\"EntryPoint\",\"urlTemplate\":\"https:\/\/www.sivsa.com\/site\/?s={search_term_string}\"},\"query-input\":\"required name=search_term_string\"}],\"inLanguage\":\"es\"}]}<\/script>\n<!-- \/ Yoast SEO plugin. -->","yoast_head_json":{"title":"CLOUDDOCTOR - SIVSA Soluciones Inform\u00e1ticas","description":"CloudDoctor, plataforma abierta para servicios en la nube que se basa en protocolos est\u00e1ndar de comunicaci\u00f3n y almacenamiento.","robots":{"index":"index","follow":"follow","max-snippet":"max-snippet:-1","max-image-preview":"max-image-preview:large","max-video-preview":"max-video-preview:-1"},"canonical":"https:\/\/www.sivsa.com\/site\/idi-3\/clouddoctor\/","og_locale":"es_ES","og_type":"article","og_title":"CLOUDDOCTOR - SIVSA Soluciones Inform\u00e1ticas","og_description":"CloudDoctor, plataforma abierta para servicios en la nube que se basa en protocolos est\u00e1ndar de comunicaci\u00f3n y almacenamiento.","og_url":"https:\/\/www.sivsa.com\/site\/idi-3\/clouddoctor\/","og_site_name":"SIVSA","article_modified_time":"2018-10-22T17:20:27+00:00","twitter_card":"summary","twitter_site":"@sivsa_es","twitter_misc":{"Tiempo de lectura":"1 minuto"},"schema":{"@context":"https:\/\/schema.org","@graph":[{"@type":"WebPage","@id":"https:\/\/www.sivsa.com\/site\/idi-3\/clouddoctor\/","url":"https:\/\/www.sivsa.com\/site\/idi-3\/clouddoctor\/","name":"CLOUDDOCTOR - SIVSA Soluciones Inform\u00e1ticas","isPartOf":{"@id":"https:\/\/www.sivsa.com\/site\/#website"},"datePublished":"2016-08-19T12:53:30+00:00","dateModified":"2018-10-22T17:20:27+00:00","description":"CloudDoctor, plataforma abierta para servicios en la nube que se basa en protocolos est\u00e1ndar de comunicaci\u00f3n y almacenamiento.","breadcrumb":{"@id":"https:\/\/www.sivsa.com\/site\/idi-3\/clouddoctor\/#breadcrumb"},"inLanguage":"es","potentialAction":[{"@type":"ReadAction","target":["https:\/\/www.sivsa.com\/site\/idi-3\/clouddoctor\/"]}]},{"@type":"BreadcrumbList","@id":"https:\/\/www.sivsa.com\/site\/idi-3\/clouddoctor\/#breadcrumb","itemListElement":[{"@type":"ListItem","position":1,"name":"Portada","item":"https:\/\/www.sivsa.com\/site\/"},{"@type":"ListItem","position":2,"name":"I+D+i","item":"https:\/\/www.sivsa.com\/site\/idi-3\/"},{"@type":"ListItem","position":3,"name":"CLOUDDOCTOR"}]},{"@type":"WebSite","@id":"https:\/\/www.sivsa.com\/site\/#website","url":"https:\/\/www.sivsa.com\/site\/","name":"SIVSA","description":"SIVSA. Communicate in technology","potentialAction":[{"@type":"SearchAction","target":{"@type":"EntryPoint","urlTemplate":"https:\/\/www.sivsa.com\/site\/?s={search_term_string}"},"query-input":"required name=search_term_string"}],"inLanguage":"es"}]}},"_links":{"self":[{"href":"https:\/\/www.sivsa.com\/site\/wp-json\/wp\/v2\/pages\/5815"}],"collection":[{"href":"https:\/\/www.sivsa.com\/site\/wp-json\/wp\/v2\/pages"}],"about":[{"href":"https:\/\/www.sivsa.com\/site\/wp-json\/wp\/v2\/types\/page"}],"author":[{"embeddable":true,"href":"https:\/\/www.sivsa.com\/site\/wp-json\/wp\/v2\/users\/1"}],"replies":[{"embeddable":true,"href":"https:\/\/www.sivsa.com\/site\/wp-json\/wp\/v2\/comments?post=5815"}],"version-history":[{"count":15,"href":"https:\/\/www.sivsa.com\/site\/wp-json\/wp\/v2\/pages\/5815\/revisions"}],"predecessor-version":[{"id":8536,"href":"https:\/\/www.sivsa.com\/site\/wp-json\/wp\/v2\/pages\/5815\/revisions\/8536"}],"up":[{"embeddable":true,"href":"https:\/\/www.sivsa.com\/site\/wp-json\/wp\/v2\/pages\/6611"}],"wp:featuredmedia":[{"embeddable":true,"href":"https:\/\/www.sivsa.com\/site\/wp-json\/"}],"wp:attachment":[{"href":"https:\/\/www.sivsa.com\/site\/wp-json\/wp\/v2\/media?parent=5815"}],"curies":[{"name":"wp","href":"https:\/\/api.w.org\/{rel}","templated":true}]}}